Last updated on 2025-05-03 22:50:11 CEST.
Flavor | Version | Tinstall | Tcheck | Ttotal | Status | Flags |
---|---|---|---|---|---|---|
r-devel-linux-x86_64-debian-clang | 0.4-26 | 60.53 | 48.23 | 108.76 | NOTE | |
r-devel-linux-x86_64-debian-gcc | 0.4-26 | 43.81 | 34.64 | 78.45 | NOTE | |
r-devel-linux-x86_64-fedora-clang | 0.4-26 | 229.74 | OK | |||
r-devel-linux-x86_64-fedora-gcc | 0.4-26 | 205.64 | OK | |||
r-devel-windows-x86_64 | 0.4-26 | 72.00 | 94.00 | 166.00 | OK | |
r-patched-linux-x86_64 | 0.4-26 | 60.60 | 45.34 | 105.94 | OK | |
r-release-linux-x86_64 | OK | |||||
r-release-macos-arm64 | 0.4-26 | 46.00 | OK | |||
r-release-macos-x86_64 | 0.4-26 | 77.00 | OK | |||
r-release-windows-x86_64 | 0.4-26 | 73.00 | 83.00 | 156.00 | OK | |
r-oldrel-macos-arm64 | 0.4-26 | 46.00 | OK | |||
r-oldrel-macos-x86_64 | 0.4-26 | 56.00 | OK | |||
r-oldrel-windows-x86_64 | 0.4-26 | 82.00 | 94.00 | 176.00 | OK |
Version: 0.4-26
Check: CRAN incoming feasibility
Result: NOTE
Maintainer: ‘Alexander Robitzsch <robitzsch@ipn.uni-kiel.de>’
No Authors@R field in DESCRIPTION.
Please add one, modifying
Authors@R: c(person(given = "Steffen",
family = "Nestler",
role = "aut"),
person(given = "Alexander",
family = "Robitzsch",
role = c("aut", "cre"),
email = "robitzsch@ipn.uni-kiel.de"),
person(given = "Oliver",
family = "Luedtke",
role = "aut"))
as necessary.
Package CITATION file contains call(s) to old-style personList() or
as.personList(). Please use c() on person objects instead.
Package CITATION file contains call(s) to old-style citEntry(). Please
use bibentry() instead.
Flavors: r-devel-linux-x86_64-debian-clang, r-devel-linux-x86_64-debian-gcc
These binaries (installable software) and packages are in development.
They may not be fully stable and should be used with caution. We make no claims about them.