Last updated on 2025-11-11 15:50:49 CET.
| Flavor | Version | Tinstall | Tcheck | Ttotal | Status | Flags |
|---|---|---|---|---|---|---|
| r-devel-linux-x86_64-debian-clang | 2.0.1 | 51.37 | 444.53 | 495.90 | NOTE | |
| r-devel-linux-x86_64-debian-gcc | 2.0.1 | 32.28 | 268.74 | 301.02 | NOTE | |
| r-devel-linux-x86_64-fedora-clang | 2.0.1 | 108.00 | 690.98 | 798.98 | NOTE | |
| r-devel-linux-x86_64-fedora-gcc | 2.0.1 | 101.00 | 675.34 | 776.34 | NOTE | |
| r-devel-windows-x86_64 | 2.0.1 | 59.00 | 387.00 | 446.00 | NOTE | |
| r-patched-linux-x86_64 | 2.0.1 | 48.88 | 421.01 | 469.89 | OK | |
| r-release-linux-x86_64 | 2.0.1 | 45.28 | 417.41 | 462.69 | OK | |
| r-release-macos-arm64 | 2.0.1 | 22.00 | 210.00 | 232.00 | OK | |
| r-release-macos-x86_64 | 2.0.1 | 48.00 | 374.00 | 422.00 | OK | |
| r-release-windows-x86_64 | 2.0.1 | 55.00 | 384.00 | 439.00 | OK | |
| r-oldrel-macos-arm64 | 2.0.1 | 22.00 | 192.00 | 214.00 | OK | |
| r-oldrel-macos-x86_64 | 2.0.1 | 43.00 | 380.00 | 423.00 | OK | |
| r-oldrel-windows-x86_64 | 2.0.1 | 70.00 | 551.00 | 621.00 | OK |
Version: 2.0.1
Check: Rd files
Result: NOTE
checkRd: (-1) plot.msPCA.Rd:53-59: Only 2 columns allowed in this table (row 2 has 1)
checkRd: (-1) plot.msPCA.Rd:53-59: Only 2 columns allowed in this table (row 3 has 1)
checkRd: (-1) plot.msPCA.Rd:62-70: Only 2 columns allowed in this table (row 2 has 1)
Flavors: r-devel-linux-x86_64-debian-clang, r-devel-linux-x86_64-debian-gcc, r-devel-linux-x86_64-fedora-clang, r-devel-linux-x86_64-fedora-gcc, r-devel-windows-x86_64
These binaries (installable software) and packages are in development.
They may not be fully stable and should be used with caution. We make no claims about them.