CRAN Package Check Results for Package ssMousetrack

Last updated on 2025-07-22 19:52:02 CEST.

Flavor Version Tinstall Tcheck Ttotal Status Flags
r-devel-linux-x86_64-debian-clang 1.1.7 719.86 138.92 858.78 OK
r-devel-linux-x86_64-debian-gcc 1.1.7 683.87 151.67 835.54 OK
r-devel-linux-x86_64-fedora-clang 1.1.7 1258.37 OK
r-devel-linux-x86_64-fedora-gcc 1.1.7 1812.53 OK
r-devel-windows-x86_64 1.1.7 757.00 208.00 965.00 OK
r-patched-linux-x86_64 1.1.7 857.66 203.53 1061.19 OK
r-release-linux-x86_64 1.1.7 863.77 201.36 1065.13 OK
r-release-macos-arm64 1.1.7 354.00 OK
r-release-macos-x86_64 1.1.7 404.00 OK
r-release-windows-x86_64 1.1.7 771.00 212.00 983.00 OK
r-oldrel-macos-arm64 1.1.7 325.00 NOTE
r-oldrel-macos-x86_64 1.1.7 546.00 NOTE
r-oldrel-windows-x86_64 1.1.7 863.00 283.00 1146.00 NOTE

Check Details

Version: 1.1.7
Check: installed package size
Result: NOTE installed size is 125.3Mb sub-directories of 1Mb or more: libs 124.8Mb Flavors: r-oldrel-macos-arm64, r-oldrel-macos-x86_64, r-oldrel-windows-x86_64

Version: 1.1.7
Check: for GNU extensions in Makefiles
Result: NOTE GNU make is a SystemRequirements. Flavors: r-oldrel-macos-arm64, r-oldrel-macos-x86_64, r-oldrel-windows-x86_64

These binaries (installable software) and packages are in development.
They may not be fully stable and should be used with caution. We make no claims about them.