Last updated on 2025-11-12 23:51:01 CET.
| Flavor | Version | Tinstall | Tcheck | Ttotal | Status | Flags |
|---|---|---|---|---|---|---|
| r-devel-linux-x86_64-debian-clang | 1.1.7 | 743.81 | 153.53 | 897.34 | OK | |
| r-devel-linux-x86_64-debian-gcc | 1.1.7 | 676.92 | 162.84 | 839.76 | OK | |
| r-devel-linux-x86_64-fedora-clang | 1.1.7 | 1620.00 | -295.00 | 1325.00 | OK | |
| r-devel-linux-x86_64-fedora-gcc | 1.1.7 | 2100.00 | -240.33 | 1859.67 | OK | |
| r-devel-windows-x86_64 | 1.1.7 | 781.00 | 214.00 | 995.00 | OK | |
| r-patched-linux-x86_64 | 1.1.7 | 860.54 | 218.17 | 1078.71 | OK | |
| r-release-linux-x86_64 | 1.1.7 | 855.05 | 217.88 | 1072.93 | OK | |
| r-release-macos-arm64 | 1.1.7 | 306.00 | 48.00 | 354.00 | OK | |
| r-release-macos-x86_64 | 1.1.7 | 314.00 | 90.00 | 404.00 | OK | |
| r-release-windows-x86_64 | 1.1.7 | 764.00 | 214.00 | 978.00 | OK | |
| r-oldrel-macos-arm64 | 1.1.7 | 270.00 | 55.00 | 325.00 | NOTE | |
| r-oldrel-macos-x86_64 | 1.1.7 | 419.00 | 127.00 | 546.00 | NOTE | |
| r-oldrel-windows-x86_64 | 1.1.7 | 889.00 | 282.00 | 1171.00 | NOTE |
Version: 1.1.7
Check: installed package size
Result: NOTE
installed size is 125.3Mb
sub-directories of 1Mb or more:
libs 124.8Mb
Flavors: r-oldrel-macos-arm64, r-oldrel-macos-x86_64, r-oldrel-windows-x86_64
Version: 1.1.7
Check: for GNU extensions in Makefiles
Result: NOTE
GNU make is a SystemRequirements.
Flavors: r-oldrel-macos-arm64, r-oldrel-macos-x86_64, r-oldrel-windows-x86_64
These binaries (installable software) and packages are in development.
They may not be fully stable and should be used with caution. We make no claims about them.