Last updated on 2025-10-03 05:53:54 CEST.
Flavor | Version | Tinstall | Tcheck | Ttotal | Status | Flags |
---|---|---|---|---|---|---|
r-devel-linux-x86_64-debian-clang | 1.1.7 | 734.65 | 155.38 | 890.03 | OK | |
r-devel-linux-x86_64-debian-gcc | 1.1.7 | 666.92 | 159.32 | 826.24 | OK | |
r-devel-linux-x86_64-fedora-clang | 1.1.7 | 1322.75 | OK | |||
r-devel-linux-x86_64-fedora-gcc | 1.1.7 | 1833.94 | OK | |||
r-devel-windows-x86_64 | 1.1.7 | 781.00 | 221.00 | 1002.00 | OK | |
r-patched-linux-x86_64 | 1.1.7 | 882.17 | 217.65 | 1099.82 | OK | |
r-release-linux-x86_64 | 1.1.7 | 836.38 | 220.72 | 1057.10 | OK | |
r-release-macos-arm64 | 1.1.7 | 354.00 | OK | |||
r-release-macos-x86_64 | 1.1.7 | 404.00 | OK | |||
r-release-windows-x86_64 | 1.1.7 | 788.00 | 231.00 | 1019.00 | OK | |
r-oldrel-macos-arm64 | 1.1.7 | 325.00 | NOTE | |||
r-oldrel-macos-x86_64 | 1.1.7 | 546.00 | NOTE | |||
r-oldrel-windows-x86_64 | 1.1.7 | 869.00 | 278.00 | 1147.00 | NOTE |
Version: 1.1.7
Check: installed package size
Result: NOTE
installed size is 125.3Mb
sub-directories of 1Mb or more:
libs 124.8Mb
Flavors: r-oldrel-macos-arm64, r-oldrel-macos-x86_64, r-oldrel-windows-x86_64
Version: 1.1.7
Check: for GNU extensions in Makefiles
Result: NOTE
GNU make is a SystemRequirements.
Flavors: r-oldrel-macos-arm64, r-oldrel-macos-x86_64, r-oldrel-windows-x86_64
These binaries (installable software) and packages are in development.
They may not be fully stable and should be used with caution. We make no claims about them.