Last updated on 2024-07-27 15:50:35 CEST.
Flavor | Version | Tinstall | Tcheck | Ttotal | Status | Flags |
---|---|---|---|---|---|---|
r-devel-linux-x86_64-debian-clang | 1.1.6 | 947.30 | 175.64 | 1122.94 | NOTE | |
r-devel-linux-x86_64-debian-gcc | 1.1.6 | NOTE | ||||
r-devel-linux-x86_64-fedora-clang | 1.1.6 | 1410.57 | NOTE | |||
r-devel-linux-x86_64-fedora-gcc | 1.1.6 | 2028.07 | NOTE | |||
r-devel-windows-x86_64 | 1.1.6 | 698.00 | 217.00 | 915.00 | NOTE | |
r-patched-linux-x86_64 | 1.1.6 | NOTE | ||||
r-release-linux-x86_64 | 1.1.6 | 715.62 | 240.83 | 956.45 | NOTE | |
r-release-macos-arm64 | 1.1.6 | 340.00 | NOTE | |||
r-release-macos-x86_64 | 1.1.6 | 298.00 | NOTE | |||
r-release-windows-x86_64 | 1.1.6 | 727.00 | 212.00 | 939.00 | NOTE | |
r-oldrel-macos-arm64 | 1.1.6 | 359.00 | NOTE | |||
r-oldrel-macos-x86_64 | 1.1.6 | 584.00 | NOTE | |||
r-oldrel-windows-x86_64 | 1.1.6 | 939.00 | 263.00 | 1202.00 | NOTE |
Version: 1.1.6
Check: for GNU extensions in Makefiles
Result: NOTE
GNU make is a SystemRequirements.
Flavors: r-devel-linux-x86_64-debian-clang, r-devel-linux-x86_64-debian-gcc, r-devel-linux-x86_64-fedora-clang, r-devel-linux-x86_64-fedora-gcc, r-devel-windows-x86_64, r-patched-linux-x86_64, r-release-linux-x86_64, r-release-macos-arm64, r-release-macos-x86_64, r-release-windows-x86_64, r-oldrel-macos-arm64, r-oldrel-macos-x86_64, r-oldrel-windows-x86_64
Version: 1.1.6
Check: installed package size
Result: NOTE
installed size is 9.2Mb
sub-directories of 1Mb or more:
libs 8.7Mb
Flavors: r-devel-linux-x86_64-fedora-clang, r-devel-windows-x86_64, r-release-macos-arm64, r-release-macos-x86_64, r-release-windows-x86_64, r-oldrel-macos-arm64, r-oldrel-macos-x86_64, r-oldrel-windows-x86_64
These binaries (installable software) and packages are in development.
They may not be fully stable and should be used with caution. We make no claims about them.