Last updated on 2024-07-27 15:50:34 CEST.
Flavor | Version | Tinstall | Tcheck | Ttotal | Status | Flags |
---|---|---|---|---|---|---|
r-devel-linux-x86_64-debian-clang | 1.0.1 | 9.20 | 451.05 | 460.25 | OK | |
r-devel-linux-x86_64-debian-gcc | 1.0.1 | OK | ||||
r-devel-linux-x86_64-fedora-clang | 1.0.1 | 432.13 | NOTE | |||
r-devel-linux-x86_64-fedora-gcc | 1.0.1 | 424.05 | NOTE | |||
r-devel-windows-x86_64 | 1.0.1 | 10.00 | 419.00 | 429.00 | OK | |
r-patched-linux-x86_64 | 1.0.1 | OK | ||||
r-release-linux-x86_64 | 1.0.1 | 7.13 | 488.58 | 495.71 | OK | |
r-release-macos-arm64 | 1.0.1 | 189.00 | OK | |||
r-release-macos-x86_64 | 1.0.1 | 318.00 | OK | |||
r-release-windows-x86_64 | 1.0.1 | 9.00 | 325.00 | 334.00 | OK | |
r-oldrel-macos-arm64 | 1.0.1 | 164.00 | OK | |||
r-oldrel-macos-x86_64 | 1.0.1 | 287.00 | OK | |||
r-oldrel-windows-x86_64 | 1.0.1 | 12.00 | 334.00 | 346.00 | OK |
Version: 1.0.1
Check: data for non-ASCII characters
Result: NOTE
Note: found 1 marked UTF-8 string
Flavors: r-devel-linux-x86_64-fedora-clang, r-devel-linux-x86_64-fedora-gcc
These binaries (installable software) and packages are in development.
They may not be fully stable and should be used with caution. We make no claims about them.