Last updated on 2025-05-08 04:52:20 CEST.
Flavor | Version | Tinstall | Tcheck | Ttotal | Status | Flags |
---|---|---|---|---|---|---|
r-devel-linux-x86_64-debian-clang | 2.3.0 | 91.69 | 349.15 | 440.84 | OK | |
r-devel-linux-x86_64-debian-gcc | 2.3.0 | 80.79 | 261.37 | 342.16 | OK | |
r-devel-linux-x86_64-fedora-clang | 2.3.0 | 711.11 | OK | |||
r-devel-linux-x86_64-fedora-gcc | 2.3.0 | 773.86 | OK | |||
r-devel-windows-x86_64 | 2.3.0 | 108.00 | 388.00 | 496.00 | OK | |
r-patched-linux-x86_64 | 2.3.0 | 110.39 | 333.80 | 444.19 | OK | |
r-release-linux-x86_64 | 2.3.0 | 109.93 | 335.81 | 445.74 | OK | |
r-release-macos-arm64 | 2.3.0 | 226.00 | OK | |||
r-release-macos-x86_64 | 2.3.0 | 312.00 | OK | |||
r-release-windows-x86_64 | 2.3.0 | 105.00 | 389.00 | 494.00 | OK | |
r-oldrel-macos-arm64 | 2.3.0 | 213.00 | NOTE | |||
r-oldrel-macos-x86_64 | 2.3.0 | 392.00 | NOTE | |||
r-oldrel-windows-x86_64 | 2.3.0 | 125.00 | 528.00 | 653.00 | NOTE |
Version: 2.3.0
Check: installed package size
Result: NOTE
installed size is 41.4Mb
sub-directories of 1Mb or more:
libs 40.2Mb
Flavors: r-oldrel-macos-arm64, r-oldrel-macos-x86_64, r-oldrel-windows-x86_64
These binaries (installable software) and packages are in development.
They may not be fully stable and should be used with caution. We make no claims about them.