Last updated on 2025-02-16 08:51:02 CET.
Flavor | Version | Tinstall | Tcheck | Ttotal | Status | Flags |
---|---|---|---|---|---|---|
r-devel-linux-x86_64-debian-clang | 2.2.0 | 93.16 | 368.48 | 461.64 | OK | |
r-devel-linux-x86_64-debian-gcc | 2.2.0 | 78.44 | 257.17 | 335.61 | OK | |
r-devel-linux-x86_64-fedora-clang | 2.2.0 | 726.45 | OK | |||
r-devel-linux-x86_64-fedora-gcc | 2.2.0 | 805.12 | OK | |||
r-devel-macos-arm64 | 2.2.0 | 256.00 | OK | |||
r-devel-macos-x86_64 | 2.2.0 | 518.00 | OK | |||
r-devel-windows-x86_64 | 2.2.0 | 98.00 | 392.00 | 490.00 | OK | |
r-patched-linux-x86_64 | 2.2.0 | 101.92 | 342.62 | 444.54 | OK | |
r-release-linux-x86_64 | 2.2.0 | 108.72 | 343.33 | 452.05 | OK | |
r-release-macos-arm64 | 2.2.0 | 223.00 | NOTE | |||
r-release-macos-x86_64 | 2.2.0 | 314.00 | NOTE | |||
r-release-windows-x86_64 | 2.2.0 | 101.00 | 403.00 | 504.00 | NOTE | |
r-oldrel-macos-arm64 | 2.2.0 | 231.00 | NOTE | |||
r-oldrel-macos-x86_64 | 2.2.0 | 484.00 | NOTE | |||
r-oldrel-windows-x86_64 | 2.2.0 | 120.00 | 510.00 | 630.00 | NOTE |
Version: 2.2.0
Check: installed package size
Result: NOTE
installed size is 41.3Mb
sub-directories of 1Mb or more:
libs 40.2Mb
Flavors: r-release-macos-arm64, r-release-macos-x86_64, r-release-windows-x86_64, r-oldrel-macos-arm64, r-oldrel-macos-x86_64, r-oldrel-windows-x86_64
These binaries (installable software) and packages are in development.
They may not be fully stable and should be used with caution. We make no claims about them.