Last updated on 2025-07-26 03:50:03 CEST.
Flavor | Version | Tinstall | Tcheck | Ttotal | Status | Flags |
---|---|---|---|---|---|---|
r-devel-linux-x86_64-debian-clang | 2.3.0 | 96.04 | 432.78 | 528.82 | OK | |
r-devel-linux-x86_64-debian-gcc | 2.3.0 | 83.15 | 290.79 | 373.94 | OK | |
r-devel-linux-x86_64-fedora-clang | 2.3.0 | 811.92 | OK | |||
r-devel-linux-x86_64-fedora-gcc | 2.3.0 | 839.66 | OK | |||
r-devel-windows-x86_64 | 2.3.0 | 110.00 | 477.00 | 587.00 | OK | |
r-patched-linux-x86_64 | 2.3.0 | 112.08 | 406.79 | 518.87 | OK | |
r-release-linux-x86_64 | 2.3.0 | 112.57 | 409.81 | 522.38 | OK | |
r-release-macos-arm64 | 2.3.0 | 226.00 | OK | |||
r-release-macos-x86_64 | 2.3.0 | 312.00 | OK | |||
r-release-windows-x86_64 | 2.3.0 | 108.00 | 452.00 | 560.00 | OK | |
r-oldrel-macos-arm64 | 2.3.0 | 213.00 | NOTE | |||
r-oldrel-macos-x86_64 | 2.3.0 | 392.00 | NOTE | |||
r-oldrel-windows-x86_64 | 2.3.0 | 127.00 | 616.00 | 743.00 | NOTE |
Version: 2.3.0
Check: installed package size
Result: NOTE
installed size is 41.4Mb
sub-directories of 1Mb or more:
libs 40.2Mb
Flavors: r-oldrel-macos-arm64, r-oldrel-macos-x86_64, r-oldrel-windows-x86_64
These binaries (installable software) and packages are in development.
They may not be fully stable and should be used with caution. We make no claims about them.