CRAN Package Check Results for Package sse

Last updated on 2025-05-01 15:49:46 CEST.

Flavor Version Tinstall Tcheck Ttotal Status Flags
r-devel-linux-x86_64-debian-clang 0.7-17 5.59 99.78 105.37 NOTE
r-devel-linux-x86_64-debian-gcc 0.7-17 3.28 56.61 59.89 NOTE
r-devel-linux-x86_64-fedora-clang 0.7-17 176.77 OK
r-devel-linux-x86_64-fedora-gcc 0.7-17 173.24 OK
r-devel-windows-x86_64 0.7-17 7.00 113.00 120.00 NOTE
r-patched-linux-x86_64 0.7-17 5.43 92.27 97.70 NOTE
r-release-linux-x86_64 NOTE
r-release-macos-arm64 0.7-17 48.00 OK
r-release-macos-x86_64 0.7-17 106.00 OK
r-release-windows-x86_64 0.7-17 8.00 115.00 123.00 NOTE
r-oldrel-macos-arm64 0.7-17 44.00 OK
r-oldrel-macos-x86_64 0.7-17 84.00 OK
r-oldrel-windows-x86_64 0.7-17 8.00 139.00 147.00 OK

Check Details

Version: 0.7-17
Check: CRAN incoming feasibility
Result: NOTE Maintainer: ‘Thomas Fabbro <thomas.fabbro@unibas.ch>’ No Authors@R field in DESCRIPTION. Please add one, modifying Authors@R: person(given = "Thomas", family = "Fabbro", role = c("aut", "cre"), email = "thomas.fabbro@unibas.ch") as necessary. Flavors: r-devel-linux-x86_64-debian-clang, r-devel-linux-x86_64-debian-gcc

Version: 0.7-17
Check: Rd cross-references
Result: NOTE Found the following Rd file(s) with Rd \link{} targets missing package anchors: plot.Rd: levelplot Please provide package anchors for all Rd \link{} targets not in the package itself and the base packages. Flavors: r-devel-linux-x86_64-debian-clang, r-devel-linux-x86_64-debian-gcc, r-devel-windows-x86_64, r-patched-linux-x86_64, r-release-linux-x86_64, r-release-windows-x86_64

These binaries (installable software) and packages are in development.
They may not be fully stable and should be used with caution. We make no claims about them.