CRAN Package Check Results for Package ssfit

Last updated on 2025-11-08 17:49:54 CET.

Flavor Version Tinstall Tcheck Ttotal Status Flags
r-devel-linux-x86_64-debian-clang 1.2 7.57 62.05 69.62 NOTE
r-devel-linux-x86_64-debian-gcc 1.2 5.17 47.16 52.33 NOTE
r-devel-linux-x86_64-fedora-clang 1.2 16.00 89.37 105.37 OK
r-devel-linux-x86_64-fedora-gcc 1.2 18.00 83.73 101.73 OK
r-devel-windows-x86_64 1.2 8.00 68.00 76.00 OK
r-patched-linux-x86_64 1.2 7.05 59.25 66.30 OK
r-release-linux-x86_64 1.2 7.49 59.47 66.96 OK
r-release-macos-arm64 1.2 4.00 33.00 37.00 OK
r-release-macos-x86_64 1.2 7.00 56.00 63.00 OK
r-release-windows-x86_64 1.2 8.00 66.00 74.00 OK
r-oldrel-macos-arm64 1.2 4.00 28.00 32.00 OK
r-oldrel-macos-x86_64 1.2 5.00 42.00 47.00 OK
r-oldrel-windows-x86_64 1.2 10.00 85.00 95.00 OK

Check Details

Version: 1.2
Check: CRAN incoming feasibility
Result: NOTE Maintainer: ‘Christiana Kartsonaki <christiana.kartsonaki@gmail.com>’ No Authors@R field in DESCRIPTION. Please add one, modifying Authors@R: person(given = "Christiana", family = "Kartsonaki", role = c("aut", "cre"), email = "christiana.kartsonaki@gmail.com") as necessary. Flavors: r-devel-linux-x86_64-debian-clang, r-devel-linux-x86_64-debian-gcc

These binaries (installable software) and packages are in development.
They may not be fully stable and should be used with caution. We make no claims about them.