Last updated on 2025-02-16 08:51:02 CET.
Flavor | Version | Tinstall | Tcheck | Ttotal | Status | Flags |
---|---|---|---|---|---|---|
r-devel-linux-x86_64-debian-clang | 0.9.3 | 4.47 | 24.36 | 28.83 | OK | |
r-devel-linux-x86_64-debian-gcc | 0.9.3 | 3.58 | 20.02 | 23.60 | OK | |
r-devel-linux-x86_64-fedora-clang | 0.9.3 | 53.03 | OK | |||
r-devel-linux-x86_64-fedora-gcc | 0.9.3 | 59.01 | OK | |||
r-devel-macos-arm64 | 0.9.3 | 32.00 | OK | |||
r-devel-macos-x86_64 | 0.9.3 | 61.00 | OK | |||
r-devel-windows-x86_64 | 0.9.3 | 19.00 | 90.00 | 109.00 | OK | |
r-patched-linux-x86_64 | 0.9.3 | 4.49 | 23.47 | 27.96 | OK | |
r-release-linux-x86_64 | 0.9.3 | 4.29 | 23.40 | 27.69 | OK | |
r-release-macos-arm64 | 0.9.3 | 50.00 | OK | |||
r-release-macos-x86_64 | 0.9.3 | 49.00 | OK | |||
r-release-windows-x86_64 | 0.9.3 | 19.00 | 96.00 | 115.00 | NOTE | |
r-oldrel-macos-arm64 | 0.9.3 | 52.00 | OK | |||
r-oldrel-macos-x86_64 | 0.9.3 | 56.00 | OK | |||
r-oldrel-windows-x86_64 | 0.9.3 | 24.00 | 129.00 | 153.00 | NOTE |
Version: 0.9.3
Check: installed package size
Result: NOTE
installed size is 5.7Mb
sub-directories of 1Mb or more:
libs 4.8Mb
Flavors: r-release-windows-x86_64, r-oldrel-windows-x86_64
These binaries (installable software) and packages are in development.
They may not be fully stable and should be used with caution. We make no claims about them.