Last updated on 2025-05-22 06:52:00 CEST.
Flavor | Version | Tinstall | Tcheck | Ttotal | Status | Flags |
---|---|---|---|---|---|---|
r-devel-linux-x86_64-debian-clang | 1.1 | 6.13 | 40.60 | 46.73 | NOTE | |
r-devel-linux-x86_64-debian-gcc | 1.1 | 3.96 | 30.04 | 34.00 | NOTE | |
r-devel-linux-x86_64-fedora-clang | 1.1 | 73.06 | OK | |||
r-devel-linux-x86_64-fedora-gcc | 1.1 | 70.85 | OK | |||
r-devel-windows-x86_64 | 1.1 | 8.00 | 76.00 | 84.00 | OK | |
r-patched-linux-x86_64 | 1.1 | 5.93 | 38.29 | 44.22 | OK | |
r-release-linux-x86_64 | 1.1 | 7.03 | 38.34 | 45.37 | OK | |
r-release-macos-arm64 | 1.1 | 29.00 | OK | |||
r-release-macos-x86_64 | 1.1 | 46.00 | OK | |||
r-release-windows-x86_64 | 1.1 | 8.00 | 91.00 | 99.00 | OK | |
r-oldrel-macos-arm64 | 1.1 | 24.00 | OK | |||
r-oldrel-macos-x86_64 | 1.1 | 36.00 | OK | |||
r-oldrel-windows-x86_64 | 1.1 | 9.00 | 71.00 | 80.00 | OK |
Version: 1.1
Check: CRAN incoming feasibility
Result: NOTE
Maintainer: ‘Luis Benites Sanchez <lbenitesanchez@gmail.com>’
No Authors@R field in DESCRIPTION.
Please add one, modifying
Authors@R: c(person(given = c("Luis", "Benites"),
family = "Sanchez",
role = c("aut", "cre"),
email = "lbenitesanchez@gmail.com"),
person(given = c("Clecio", "da", "Silva"),
family = "Ferreira",
role = "aut"))
as necessary.
Flavors: r-devel-linux-x86_64-debian-clang, r-devel-linux-x86_64-debian-gcc
These binaries (installable software) and packages are in development.
They may not be fully stable and should be used with caution. We make no claims about them.