Last updated on 2025-11-11 15:50:49 CET.
| Flavor | Version | Tinstall | Tcheck | Ttotal | Status | Flags |
|---|---|---|---|---|---|---|
| r-devel-linux-x86_64-debian-clang | 0.2.0 | 6.32 | 60.53 | 66.85 | NOTE | |
| r-devel-linux-x86_64-debian-gcc | 0.2.0 | 5.26 | 46.10 | 51.36 | NOTE | |
| r-devel-linux-x86_64-fedora-clang | 0.2.0 | 14.00 | 87.55 | 101.55 | OK | |
| r-devel-linux-x86_64-fedora-gcc | 0.2.0 | 14.00 | 81.68 | 95.68 | OK | |
| r-devel-windows-x86_64 | 0.2.0 | 8.00 | 66.00 | 74.00 | OK | |
| r-patched-linux-x86_64 | 0.2.0 | 6.99 | 58.68 | 65.67 | OK | |
| r-release-linux-x86_64 | 0.2.0 | 6.84 | 57.74 | 64.58 | OK | |
| r-release-macos-arm64 | 0.2.0 | 4.00 | 32.00 | 36.00 | OK | |
| r-release-macos-x86_64 | 0.2.0 | 7.00 | 56.00 | 63.00 | OK | |
| r-release-windows-x86_64 | 0.2.0 | 8.00 | 68.00 | 76.00 | OK | |
| r-oldrel-macos-arm64 | 0.2.0 | 3.00 | 27.00 | 30.00 | OK | |
| r-oldrel-macos-x86_64 | 0.2.0 | 5.00 | 41.00 | 46.00 | OK | |
| r-oldrel-windows-x86_64 | 0.2.0 | 10.00 | 81.00 | 91.00 | OK |
Version: 0.2.0
Check: CRAN incoming feasibility
Result: NOTE
Maintainer: ‘Luis Benites <lbenitesanchez@gmail.com>’
No Authors@R field in DESCRIPTION.
Please add one, modifying
Authors@R: c(person(given = "Rocio",
family = "Maehara",
role = "aut"),
person(given = "Luis",
family = "Benites",
role = c("aut", "cre"),
email = "lbenitesanchez@gmail.com"))
as necessary.
Flavors: r-devel-linux-x86_64-debian-clang, r-devel-linux-x86_64-debian-gcc
These binaries (installable software) and packages are in development.
They may not be fully stable and should be used with caution. We make no claims about them.