CRAN Package Check Results for Package ssmsn

Last updated on 2025-10-03 15:50:04 CEST.

Flavor Version Tinstall Tcheck Ttotal Status Flags
r-devel-linux-x86_64-debian-clang 0.2.0 7.03 60.40 67.43 NOTE
r-devel-linux-x86_64-debian-gcc 0.2.0 5.04 46.84 51.88 NOTE
r-devel-linux-x86_64-fedora-clang 0.2.0 100.71 OK
r-devel-linux-x86_64-fedora-gcc 0.2.0 91.74 OK
r-devel-windows-x86_64 0.2.0 8.00 74.00 82.00 OK
r-patched-linux-x86_64 0.2.0 6.74 57.96 64.70 OK
r-release-linux-x86_64 0.2.0 6.37 58.22 64.59 OK
r-release-macos-arm64 0.2.0 36.00 OK
r-release-macos-x86_64 0.2.0 63.00 OK
r-release-windows-x86_64 0.2.0 8.00 70.00 78.00 OK
r-oldrel-macos-arm64 0.2.0 30.00 OK
r-oldrel-macos-x86_64 0.2.0 46.00 OK
r-oldrel-windows-x86_64 0.2.0 11.00 83.00 94.00 OK

Check Details

Version: 0.2.0
Check: CRAN incoming feasibility
Result: NOTE Maintainer: ‘Luis Benites <lbenitesanchez@gmail.com>’ No Authors@R field in DESCRIPTION. Please add one, modifying Authors@R: c(person(given = "Rocio", family = "Maehara", role = "aut"), person(given = "Luis", family = "Benites", role = c("aut", "cre"), email = "lbenitesanchez@gmail.com")) as necessary. Flavors: r-devel-linux-x86_64-debian-clang, r-devel-linux-x86_64-debian-gcc

These binaries (installable software) and packages are in development.
They may not be fully stable and should be used with caution. We make no claims about them.