CRAN Package Check Results for Package ssr

Last updated on 2025-11-13 01:50:36 CET.

Flavor Version Tinstall Tcheck Ttotal Status Flags
r-devel-linux-x86_64-debian-clang 0.1.1 2.14 71.58 73.72 OK
r-devel-linux-x86_64-debian-gcc 0.1.1 1.63 49.88 51.51 OK
r-devel-linux-x86_64-fedora-clang 0.1.1 109.25 NOTE
r-devel-linux-x86_64-fedora-gcc 0.1.1 124.88 NOTE
r-devel-windows-x86_64 0.1.1 4.00 82.00 86.00 OK
r-patched-linux-x86_64 0.1.1 2.32 69.23 71.55 OK
r-release-linux-x86_64 0.1.1 2.14 69.63 71.77 OK
r-release-macos-arm64 0.1.1 1.00 40.00 41.00 OK
r-release-macos-x86_64 0.1.1 2.00 69.00 71.00 OK
r-release-windows-x86_64 0.1.1 4.00 80.00 84.00 OK
r-oldrel-macos-arm64 0.1.1 1.00 36.00 37.00 OK
r-oldrel-macos-x86_64 0.1.1 2.00 56.00 58.00 OK
r-oldrel-windows-x86_64 0.1.1 5.00 105.00 110.00 OK

Check Details

Version: 0.1.1
Check: dependencies in R code
Result: NOTE Namespace in Imports field not imported from: ‘e1071’ All declared Imports should be used. Flavors: r-devel-linux-x86_64-fedora-clang, r-devel-linux-x86_64-fedora-gcc

These binaries (installable software) and packages are in development.
They may not be fully stable and should be used with caution. We make no claims about them.