CRAN Package Check Results for Package ssrm.logmer

Last updated on 2025-05-22 06:52:00 CEST.

Flavor Version Tinstall Tcheck Ttotal Status Flags
r-devel-linux-x86_64-debian-clang 0.1 2.06 18.68 20.74 OK
r-devel-linux-x86_64-debian-gcc 0.1 1.49 14.92 16.41 OK
r-devel-linux-x86_64-fedora-clang 0.1 32.02 OK
r-devel-linux-x86_64-fedora-gcc 0.1 31.10 OK
r-devel-windows-x86_64 0.1 3.00 54.00 57.00 OK
r-patched-linux-x86_64 0.1 1.94 17.95 19.89 OK
r-release-linux-x86_64 0.1 1.99 17.76 19.75 OK
r-release-macos-arm64 0.1 18.00 OK
r-release-macos-x86_64 0.1 25.00 OK
r-release-windows-x86_64 0.1 4.00 60.00 64.00 OK
r-oldrel-macos-arm64 0.1 15.00 NOTE
r-oldrel-macos-x86_64 0.1 21.00 NOTE
r-oldrel-windows-x86_64 0.1 3.00 47.00 50.00 NOTE

Check Details

Version: 0.1
Check: LazyData
Result: NOTE 'LazyData' is specified without a 'data' directory Flavors: r-oldrel-macos-arm64, r-oldrel-macos-x86_64, r-oldrel-windows-x86_64

These binaries (installable software) and packages are in development.
They may not be fully stable and should be used with caution. We make no claims about them.