CRAN Package Check Results for Package ssrn

Last updated on 2025-10-23 11:50:29 CEST.

Flavor Version Tinstall Tcheck Ttotal Status Flags
r-devel-linux-x86_64-debian-clang 0.1.0 2.56 30.38 32.94 NOTE
r-devel-linux-x86_64-debian-gcc 0.1.0 2.00 24.42 26.42 OK
r-devel-linux-x86_64-fedora-clang 0.1.0 38.81 OK
r-devel-linux-x86_64-fedora-gcc 0.1.0 43.20 OK
r-devel-windows-x86_64 0.1.0 4.00 47.00 51.00 OK
r-patched-linux-x86_64 0.1.0 2.81 27.12 29.93 OK
r-release-linux-x86_64 0.1.0 2.50 27.42 29.92 OK
r-release-macos-arm64 0.1.0 2.00 19.00 21.00 OK
r-release-macos-x86_64 0.1.0 2.00 29.00 31.00 OK
r-release-windows-x86_64 0.1.0 5.00 49.00 54.00 OK
r-oldrel-macos-arm64 0.1.0 1.00 19.00 20.00 OK
r-oldrel-macos-x86_64 0.1.0 2.00 27.00 29.00 OK
r-oldrel-windows-x86_64 0.1.0 5.00 57.00 62.00 OK

Check Details

Version: 0.1.0
Check: HTML version of manual
Result: NOTE Found the following HTML validation problems: network_window.html:62:1 (network_window.Rd:20): Warning: missing </ul> before </div> Flavor: r-devel-linux-x86_64-debian-clang

These binaries (installable software) and packages are in development.
They may not be fully stable and should be used with caution. We make no claims about them.