Last updated on 2025-10-23 11:50:29 CEST.
Flavor | Version | Tinstall | Tcheck | Ttotal | Status | Flags |
---|---|---|---|---|---|---|
r-devel-linux-x86_64-debian-clang | 0.2.2 | 2.79 | 34.40 | 37.19 | NOTE | |
r-devel-linux-x86_64-debian-gcc | 0.2.2 | 1.97 | 27.74 | 29.71 | OK | |
r-devel-linux-x86_64-fedora-clang | 0.2.2 | 56.18 | OK | |||
r-devel-linux-x86_64-fedora-gcc | 0.2.2 | 67.55 | OK | |||
r-devel-windows-x86_64 | 0.2.2 | 4.00 | 54.00 | 58.00 | OK | |
r-patched-linux-x86_64 | 0.2.2 | 2.82 | 33.06 | 35.88 | OK | |
r-release-linux-x86_64 | 0.2.2 | 2.56 | 33.30 | 35.86 | OK | |
r-release-macos-arm64 | 0.2.2 | 2.00 | 28.00 | 30.00 | OK | |
r-release-macos-x86_64 | 0.2.2 | 2.00 | 46.00 | 48.00 | OK | |
r-release-windows-x86_64 | 0.2.2 | 4.00 | 56.00 | 60.00 | OK | |
r-oldrel-macos-arm64 | 0.2.2 | 1.00 | 25.00 | 26.00 | OK | |
r-oldrel-macos-x86_64 | 0.2.2 | 2.00 | 41.00 | 43.00 | OK | |
r-oldrel-windows-x86_64 | 0.2.2 | 4.00 | 64.00 | 68.00 | OK |
Version: 0.2.2
Check: HTML version of manual
Result: NOTE
Found the following HTML validation problems:
addQtext.html:50:1 (addQtext.Rd:12): Warning: missing </ul> before </div>
changeValues.html:50:1 (changeValues.Rd:12): Warning: missing </ul> before </div>
fast.read.fwf.html:87:1 (fast.read.fwf.Rd:38): Warning: missing </ul> before </div>
getSSScodes.html:46:1 (getSSScodes.Rd:10): Warning: missing </ul> before </div>
namesMultiple.html:54:1 (namesMultiple.Rd:14): Warning: missing </ul> before </div>
repN.html:46:1 (repN.Rd:10): Warning: missing </ul> before </div>
splitMultiple.html:54:1 (splitMultiple.Rd:14): Warning: missing </ul> before </div>
splitSSS.html:50:1 (splitSSS.Rd:12): Warning: missing </ul> before </div>
Flavor: r-devel-linux-x86_64-debian-clang
These binaries (installable software) and packages are in development.
They may not be fully stable and should be used with caution. We make no claims about them.