Last updated on 2025-11-11 17:50:14 CET.
| Flavor | Version | Tinstall | Tcheck | Ttotal | Status | Flags |
|---|---|---|---|---|---|---|
| r-devel-linux-x86_64-debian-clang | 1.2.2 | 97.83 | 159.67 | 257.50 | OK | |
| r-devel-linux-x86_64-debian-gcc | 1.2.2 | 55.78 | 102.73 | 158.51 | OK | |
| r-devel-linux-x86_64-fedora-clang | 1.2.2 | 246.00 | 187.49 | 433.49 | OK | |
| r-devel-linux-x86_64-fedora-gcc | 1.2.2 | 157.00 | 240.71 | 397.71 | OK | |
| r-devel-windows-x86_64 | 1.2.2 | 107.00 | 193.00 | 300.00 | OK | |
| r-patched-linux-x86_64 | 1.2.2 | 96.29 | 147.47 | 243.76 | OK | |
| r-release-linux-x86_64 | 1.2.2 | 88.48 | 150.02 | 238.50 | OK | |
| r-release-macos-arm64 | 1.2.2 | 33.00 | 68.00 | 101.00 | OK | |
| r-release-macos-x86_64 | 1.2.2 | 56.00 | 130.00 | 186.00 | OK | |
| r-release-windows-x86_64 | 1.2.2 | 107.00 | 192.00 | 299.00 | OK | |
| r-oldrel-macos-arm64 | 1.2.2 | 33.00 | 68.00 | 101.00 | NOTE | |
| r-oldrel-macos-x86_64 | 1.2.2 | 48.00 | 135.00 | 183.00 | NOTE | |
| r-oldrel-windows-x86_64 | 1.2.2 | 130.00 | 234.00 | 364.00 | OK |
Version: 1.2.2
Check: installed package size
Result: NOTE
installed size is 5.6Mb
sub-directories of 1Mb or more:
libs 3.4Mb
Flavors: r-oldrel-macos-arm64, r-oldrel-macos-x86_64
These binaries (installable software) and packages are in development.
They may not be fully stable and should be used with caution. We make no claims about them.