Last updated on 2025-04-16 05:49:13 CEST.
Flavor | Version | Tinstall | Tcheck | Ttotal | Status | Flags |
---|---|---|---|---|---|---|
r-devel-linux-x86_64-debian-clang | 1.1.6 | 92.27 | 133.01 | 225.28 | OK | |
r-devel-linux-x86_64-debian-gcc | 1.1.6 | 62.97 | 86.11 | 149.08 | OK | |
r-devel-linux-x86_64-fedora-clang | 1.1.6 | 425.20 | OK | |||
r-devel-linux-x86_64-fedora-gcc | 1.1.6 | 422.61 | OK | |||
r-devel-windows-x86_64 | 1.1.6 | 106.00 | 188.00 | 294.00 | OK | |
r-patched-linux-x86_64 | 1.1.6 | 92.78 | 127.36 | 220.14 | OK | |
r-release-linux-x86_64 | 1.1.6 | 84.12 | 127.73 | 211.85 | OK | |
r-release-macos-arm64 | 1.1.6 | 102.00 | OK | |||
r-release-macos-x86_64 | 1.1.6 | 186.00 | OK | |||
r-release-windows-x86_64 | 1.1.6 | 104.00 | 185.00 | 289.00 | OK | |
r-oldrel-macos-arm64 | 1.1.6 | 95.00 | NOTE | |||
r-oldrel-macos-x86_64 | 1.1.6 | 166.00 | NOTE | |||
r-oldrel-windows-x86_64 | 1.1.6 | 127.00 | 226.00 | 353.00 | OK |
Version: 1.1.6
Check: installed package size
Result: NOTE
installed size is 5.4Mb
sub-directories of 1Mb or more:
libs 3.4Mb
Flavors: r-oldrel-macos-arm64, r-oldrel-macos-x86_64
These binaries (installable software) and packages are in development.
They may not be fully stable and should be used with caution. We make no claims about them.