Last updated on 2025-10-03 13:49:49 CEST.
Flavor | Version | Tinstall | Tcheck | Ttotal | Status | Flags |
---|---|---|---|---|---|---|
r-devel-linux-x86_64-debian-clang | 1.2.2 | 96.56 | 158.84 | 255.40 | OK | |
r-devel-linux-x86_64-debian-gcc | 1.2.2 | 54.01 | 101.82 | 155.83 | OK | |
r-devel-linux-x86_64-fedora-clang | 1.2.2 | 441.69 | OK | |||
r-devel-linux-x86_64-fedora-gcc | 1.2.2 | 393.42 | OK | |||
r-devel-windows-x86_64 | 1.2.2 | 108.00 | 207.00 | 315.00 | OK | |
r-patched-linux-x86_64 | 1.2.2 | 97.22 | 147.22 | 244.44 | OK | |
r-release-linux-x86_64 | 1.2.2 | 90.38 | 148.78 | 239.16 | OK | |
r-release-macos-arm64 | 1.2.2 | 101.00 | OK | |||
r-release-macos-x86_64 | 1.2.2 | 186.00 | OK | |||
r-release-windows-x86_64 | 1.2.2 | 110.00 | 200.00 | 310.00 | OK | |
r-oldrel-macos-arm64 | 1.2.2 | 101.00 | NOTE | |||
r-oldrel-macos-x86_64 | 1.2.2 | 183.00 | NOTE | |||
r-oldrel-windows-x86_64 | 1.2.2 | 132.00 | 243.00 | 375.00 | OK |
Version: 1.2.2
Check: installed package size
Result: NOTE
installed size is 5.6Mb
sub-directories of 1Mb or more:
libs 3.4Mb
Flavors: r-oldrel-macos-arm64, r-oldrel-macos-x86_64
These binaries (installable software) and packages are in development.
They may not be fully stable and should be used with caution. We make no claims about them.