Last updated on 2025-07-11 13:48:39 CEST.
Flavor | Version | Tinstall | Tcheck | Ttotal | Status | Flags |
---|---|---|---|---|---|---|
r-devel-linux-x86_64-debian-clang | 1.2.1 | 96.61 | 150.37 | 246.98 | OK | |
r-devel-linux-x86_64-debian-gcc | 1.2.1 | 64.11 | 98.41 | 162.52 | OK | |
r-devel-linux-x86_64-fedora-clang | 1.2.1 | 422.73 | OK | |||
r-devel-linux-x86_64-fedora-gcc | 1.2.1 | 386.89 | OK | |||
r-devel-windows-x86_64 | 1.2.1 | 102.00 | 201.00 | 303.00 | OK | |
r-patched-linux-x86_64 | 1.2.1 | 103.49 | 139.22 | 242.71 | OK | |
r-release-linux-x86_64 | 1.2.1 | 85.35 | 141.01 | 226.36 | OK | |
r-release-macos-arm64 | 1.2.1 | 122.00 | OK | |||
r-release-macos-x86_64 | 1.2.1 | 175.00 | OK | |||
r-release-windows-x86_64 | 1.2.1 | 104.00 | 197.00 | 301.00 | OK | |
r-oldrel-macos-arm64 | 1.2.1 | 97.00 | NOTE | |||
r-oldrel-macos-x86_64 | 1.2.1 | 194.00 | NOTE | |||
r-oldrel-windows-x86_64 | 1.2.1 | 133.00 | 240.00 | 373.00 | OK |
Version: 1.2.1
Check: installed package size
Result: NOTE
installed size is 5.7Mb
sub-directories of 1Mb or more:
libs 3.4Mb
Flavors: r-oldrel-macos-arm64, r-oldrel-macos-x86_64
These binaries (installable software) and packages are in development.
They may not be fully stable and should be used with caution. We make no claims about them.