Last updated on 2025-02-02 14:48:35 CET.
Flavor | Version | Tinstall | Tcheck | Ttotal | Status | Flags |
---|---|---|---|---|---|---|
r-devel-linux-x86_64-debian-clang | 1.1.2 | 91.05 | 133.56 | 224.61 | OK | |
r-devel-linux-x86_64-debian-gcc | 1.1.3 | 64.11 | 89.98 | 154.09 | OK | |
r-devel-linux-x86_64-fedora-clang | 1.1.3 | 448.98 | OK | |||
r-devel-linux-x86_64-fedora-gcc | 1.1.3 | 424.69 | OK | |||
r-devel-windows-x86_64 | 1.1.3 | 93.00 | 181.00 | 274.00 | OK | |
r-patched-linux-x86_64 | 1.1.3 | 92.51 | 124.53 | 217.04 | OK | |
r-release-linux-x86_64 | 1.1.3 | 91.44 | 124.96 | 216.40 | OK | |
r-release-macos-arm64 | 1.1.3 | 87.00 | NOTE | |||
r-release-macos-x86_64 | 1.1.3 | 145.00 | NOTE | |||
r-release-windows-x86_64 | 1.1.2 | 99.00 | 185.00 | 284.00 | OK | |
r-oldrel-macos-arm64 | 1.1.2 | 90.00 | NOTE | |||
r-oldrel-macos-x86_64 | 1.1.2 | 220.00 | NOTE | |||
r-oldrel-windows-x86_64 | 1.1.3 | 87.00 | 183.00 | 270.00 | OK |
Version: 1.1.3
Check: installed package size
Result: NOTE
installed size is 5.4Mb
sub-directories of 1Mb or more:
libs 3.4Mb
Flavors: r-release-macos-arm64, r-release-macos-x86_64
Version: 1.1.2
Check: installed package size
Result: NOTE
installed size is 5.4Mb
sub-directories of 1Mb or more:
libs 3.4Mb
Flavors: r-oldrel-macos-arm64, r-oldrel-macos-x86_64
These binaries (installable software) and packages are in development.
They may not be fully stable and should be used with caution. We make no claims about them.