Last updated on 2025-05-01 14:49:24 CEST.
Flavor | Version | Tinstall | Tcheck | Ttotal | Status | Flags |
---|---|---|---|---|---|---|
r-devel-linux-x86_64-debian-clang | 1.5.8 | 13.63 | 83.46 | 97.09 | NOTE | |
r-devel-linux-x86_64-debian-gcc | 1.5.8 | 9.08 | 57.96 | 67.04 | NOTE | |
r-devel-linux-x86_64-fedora-clang | 1.5.8 | 156.98 | OK | |||
r-devel-linux-x86_64-fedora-gcc | 1.5.8 | 148.84 | OK | |||
r-devel-windows-x86_64 | 1.5.8 | 14.00 | 98.00 | 112.00 | OK | |
r-patched-linux-x86_64 | 1.5.8 | 14.95 | 78.77 | 93.72 | OK | |
r-release-linux-x86_64 | OK | |||||
r-release-macos-arm64 | 1.5.8 | 44.00 | OK | |||
r-release-macos-x86_64 | 1.5.8 | 100.00 | OK | |||
r-release-windows-x86_64 | 1.5.8 | 14.00 | 102.00 | 116.00 | OK | |
r-oldrel-macos-arm64 | 1.5.8 | 41.00 | OK | |||
r-oldrel-macos-x86_64 | 1.5.8 | 85.00 | OK | |||
r-oldrel-windows-x86_64 | 1.5.8 | 18.00 | 117.00 | 135.00 | OK |
Version: 1.5.8
Check: CRAN incoming feasibility
Result: NOTE
Maintainer: ‘Luis Hernando Vanegas <hvanegasp@gmail.com>’
No Authors@R field in DESCRIPTION.
Please add one, modifying
Authors@R: c(person(given = c("Luis", "Hernando"),
family = "Vanegas",
role = c("aut", "cre"),
email = "hvanegasp@gmail.com"),
person(given = c("Gilberto", "A."),
family = "Paula",
role = "aut"))
as necessary.
Flavors: r-devel-linux-x86_64-debian-clang, r-devel-linux-x86_64-debian-gcc
These binaries (installable software) and packages are in development.
They may not be fully stable and should be used with caution. We make no claims about them.