CRAN Package Check Results for Package stabiliser

Last updated on 2025-05-21 23:48:57 CEST.

Flavor Version Tinstall Tcheck Ttotal Status Flags
r-devel-linux-x86_64-debian-clang 1.0.6 20.21 327.94 348.15 OK
r-devel-linux-x86_64-debian-gcc 1.0.6 13.60 221.01 234.61 OK
r-devel-linux-x86_64-fedora-clang 1.0.6 536.45 NOTE
r-devel-linux-x86_64-fedora-gcc 1.0.6 551.19 NOTE
r-devel-windows-x86_64 1.0.6 21.00 295.00 316.00 OK
r-patched-linux-x86_64 1.0.6 17.46 313.91 331.37 OK
r-release-linux-x86_64 1.0.6 17.81 314.76 332.57 OK
r-release-macos-arm64 1.0.6 144.00 OK
r-release-macos-x86_64 1.0.6 335.00 OK
r-release-windows-x86_64 1.0.6 20.00 289.00 309.00 OK
r-oldrel-macos-arm64 1.0.6 121.00 OK
r-oldrel-macos-x86_64 1.0.6 207.00 OK
r-oldrel-windows-x86_64 1.0.6 27.00 390.00 417.00 OK

Check Details

Version: 1.0.6
Check: dependencies in R code
Result: NOTE Namespace in Imports field not imported from: ‘knitr’ All declared Imports should be used. Flavors: r-devel-linux-x86_64-fedora-clang, r-devel-linux-x86_64-fedora-gcc

These binaries (installable software) and packages are in development.
They may not be fully stable and should be used with caution. We make no claims about them.