Last updated on 2025-02-16 08:51:02 CET.
Flavor | Version | Tinstall | Tcheck | Ttotal | Status | Flags |
---|---|---|---|---|---|---|
r-devel-linux-x86_64-debian-clang | 0.1-5 | 9.74 | 124.32 | 134.06 | NOTE | |
r-devel-linux-x86_64-debian-gcc | 0.1-5 | 7.63 | 85.83 | 93.46 | NOTE | |
r-devel-linux-x86_64-fedora-clang | 0.1-5 | 230.98 | OK | |||
r-devel-linux-x86_64-fedora-gcc | 0.1-5 | 217.46 | OK | |||
r-devel-macos-arm64 | 0.1-5 | 63.00 | OK | |||
r-devel-macos-x86_64 | 0.1-5 | 130.00 | OK | |||
r-devel-windows-x86_64 | 0.1-5 | 12.00 | 124.00 | 136.00 | NOTE | |
r-patched-linux-x86_64 | 0.1-5 | 15.62 | 117.06 | 132.68 | OK | |
r-release-linux-x86_64 | 0.1-5 | 8.99 | 117.28 | 126.27 | OK | |
r-release-macos-arm64 | 0.1-5 | 61.00 | OK | |||
r-release-macos-x86_64 | 0.1-5 | 100.00 | OK | |||
r-release-windows-x86_64 | 0.1-5 | 11.00 | 126.00 | 137.00 | OK | |
r-oldrel-macos-arm64 | 0.1-5 | 65.00 | OK | |||
r-oldrel-macos-x86_64 | 0.1-5 | 124.00 | OK | |||
r-oldrel-windows-x86_64 | 0.1-5 | 13.00 | 170.00 | 183.00 | OK |
Version: 0.1-5
Check: Rd cross-references
Result: NOTE
Found the following Rd file(s) with Rd \link{} targets missing package
anchors:
LearnerList.Rd: ctree
accuracy.Rd: classAgreement
stabletree-coercion.Rd: randomForest, RandomForest-class, cforest,
ranger
stabletree.Rd: as.party
Please provide package anchors for all Rd \link{} targets not in the
package itself and the base packages.
Flavors: r-devel-linux-x86_64-debian-clang, r-devel-linux-x86_64-debian-gcc, r-devel-windows-x86_64
These binaries (installable software) and packages are in development.
They may not be fully stable and should be used with caution. We make no claims about them.