CRAN Package Check Results for Package stablelearner

Last updated on 2025-04-16 15:52:59 CEST.

Flavor Version Tinstall Tcheck Ttotal Status Flags
r-devel-linux-x86_64-debian-clang 0.1-5 10.66 124.50 135.16 NOTE
r-devel-linux-x86_64-debian-gcc 0.1-5 7.60 84.86 92.46 NOTE
r-devel-linux-x86_64-fedora-clang 0.1-5 218.97 OK
r-devel-linux-x86_64-fedora-gcc 0.1-5 233.50 OK
r-devel-windows-x86_64 0.1-5 12.00 124.00 136.00 NOTE
r-patched-linux-x86_64 0.1-5 10.09 118.87 128.96 NOTE
r-release-linux-x86_64 0.1-5 10.07 118.22 128.29 NOTE
r-release-macos-arm64 0.1-5 63.00 OK
r-release-macos-x86_64 0.1-5 123.00 OK
r-release-windows-x86_64 0.1-5 12.00 123.00 135.00 NOTE
r-oldrel-macos-arm64 0.1-5 61.00 OK
r-oldrel-macos-x86_64 0.1-5 100.00 OK
r-oldrel-windows-x86_64 0.1-5 14.00 168.00 182.00 OK

Check Details

Version: 0.1-5
Check: Rd cross-references
Result: NOTE Found the following Rd file(s) with Rd \link{} targets missing package anchors: LearnerList.Rd: ctree accuracy.Rd: classAgreement stabletree-coercion.Rd: randomForest, RandomForest-class, cforest, ranger stabletree.Rd: as.party Please provide package anchors for all Rd \link{} targets not in the package itself and the base packages. Flavors: r-devel-linux-x86_64-debian-clang, r-devel-linux-x86_64-debian-gcc, r-devel-windows-x86_64, r-patched-linux-x86_64, r-release-linux-x86_64, r-release-windows-x86_64

These binaries (installable software) and packages are in development.
They may not be fully stable and should be used with caution. We make no claims about them.