Last updated on 2024-07-27 15:50:35 CEST.
Flavor | Version | Tinstall | Tcheck | Ttotal | Status | Flags |
---|---|---|---|---|---|---|
r-devel-linux-x86_64-debian-clang | 0.1-5 | 14.14 | 162.69 | 176.83 | OK | |
r-devel-linux-x86_64-debian-gcc | 0.1-5 | NOTE | ||||
r-devel-linux-x86_64-fedora-clang | 0.1-5 | 225.87 | NOTE | |||
r-devel-linux-x86_64-fedora-gcc | 0.1-5 | 213.61 | NOTE | |||
r-devel-windows-x86_64 | 0.1-5 | 11.00 | 124.00 | 135.00 | NOTE | |
r-patched-linux-x86_64 | 0.1-5 | OK | ||||
r-release-linux-x86_64 | 0.1-5 | 11.34 | 155.10 | 166.44 | OK | |
r-release-macos-arm64 | 0.1-5 | 61.00 | OK | |||
r-release-macos-x86_64 | 0.1-5 | 100.00 | OK | |||
r-release-windows-x86_64 | 0.1-5 | 11.00 | 125.00 | 136.00 | OK | |
r-oldrel-macos-arm64 | 0.1-5 | 65.00 | OK | |||
r-oldrel-macos-x86_64 | 0.1-5 | 124.00 | OK | |||
r-oldrel-windows-x86_64 | 0.1-5 | 14.00 | 157.00 | 171.00 | OK |
Version: 0.1-5
Check: Rd cross-references
Result: NOTE
Found the following Rd file(s) with Rd \link{} targets missing package
anchors:
LearnerList.Rd: ctree
accuracy.Rd: classAgreement
stabletree-coercion.Rd: randomForest, RandomForest-class, cforest,
ranger
stabletree.Rd: as.party
Please provide package anchors for all Rd \link{} targets not in the
package itself and the base packages.
Flavors: r-devel-linux-x86_64-debian-gcc, r-devel-windows-x86_64
Version: 0.1-5
Check: data for non-ASCII characters
Result: NOTE
Note: found 123 marked UTF-8 strings
Flavors: r-devel-linux-x86_64-fedora-clang, r-devel-linux-x86_64-fedora-gcc
These binaries (installable software) and packages are in development.
They may not be fully stable and should be used with caution. We make no claims about them.