CRAN Package Check Results for Package stabm

Last updated on 2025-10-23 21:51:42 CEST.

Flavor Version Tinstall Tcheck Ttotal Status Flags
r-devel-linux-x86_64-debian-clang 1.2.2 7.38 154.18 161.56 NOTE
r-devel-linux-x86_64-debian-gcc 1.2.2 5.33 102.57 107.90 OK
r-devel-linux-x86_64-fedora-clang 1.2.2 17.00 225.97 242.97 OK
r-devel-linux-x86_64-fedora-gcc 1.2.2 17.00 228.95 245.95 OK
r-devel-windows-x86_64 1.2.2 9.00 163.00 172.00 OK
r-patched-linux-x86_64 1.2.2 8.19 145.45 153.64 OK
r-release-linux-x86_64 1.2.2 7.46 145.97 153.43 OK
r-release-macos-arm64 1.2.2 5.00 109.00 114.00 OK
r-release-macos-x86_64 1.2.2 9.00 139.00 148.00 OK
r-release-windows-x86_64 1.2.2 8.00 162.00 170.00 OK
r-oldrel-macos-arm64 1.2.2 4.00 55.00 59.00 OK
r-oldrel-macos-x86_64 1.2.2 5.00 95.00 100.00 OK
r-oldrel-windows-x86_64 1.2.2 11.00 191.00 202.00 OK

Check Details

Version: 1.2.2
Check: HTML version of manual
Result: NOTE Found the following HTML validation problems: adjustedDocumentation.html:50:1 (adjustedDocumentation.Rd:17): Warning: missing </ul> before </div> correctedDocumentation.html:41:1 (correctedDocumentation.Rd:8): Warning: missing </ul> before </div> uncorrectedDocumentation.html:60:1 (uncorrectedDocumentation.Rd:25): Warning: missing </ul> before </div> Flavor: r-devel-linux-x86_64-debian-clang

These binaries (installable software) and packages are in development.
They may not be fully stable and should be used with caution. We make no claims about them.