Last updated on 2025-05-01 14:49:24 CEST.
Flavor | Version | Tinstall | Tcheck | Ttotal | Status | Flags |
---|---|---|---|---|---|---|
r-devel-linux-x86_64-debian-clang | 0.6-4 | 2.47 | 70.52 | 72.99 | NOTE | |
r-devel-linux-x86_64-debian-gcc | 0.6-4 | 1.60 | 66.27 | 67.87 | NOTE | |
r-devel-linux-x86_64-fedora-clang | 0.6-4 | 106.40 | NOTE | |||
r-devel-linux-x86_64-fedora-gcc | 0.6-4 | 113.12 | NOTE | |||
r-devel-windows-x86_64 | 0.6-4 | 3.00 | 62.00 | 65.00 | NOTE | |
r-patched-linux-x86_64 | 0.6-4 | 2.59 | 63.82 | 66.41 | NOTE | |
r-release-linux-x86_64 | NOTE | |||||
r-release-macos-arm64 | 0.6-4 | 38.00 | NOTE | |||
r-release-macos-x86_64 | 0.6-4 | 96.00 | NOTE | |||
r-release-windows-x86_64 | 0.6-4 | 5.00 | 66.00 | 71.00 | NOTE | |
r-oldrel-macos-arm64 | 0.6-4 | 37.00 | NOTE | |||
r-oldrel-macos-x86_64 | 0.6-4 | 48.00 | NOTE | |||
r-oldrel-windows-x86_64 | 0.6-4 | 4.00 | 70.00 | 74.00 | NOTE |
Version: 0.6-4
Check: CRAN incoming feasibility
Result: NOTE
Maintainer: ‘Benjamin Hofner <benjamin.hofner@pei.de>’
Package CITATION file contains call(s) to old-style personList() or
as.personList(). Please use c() on person objects instead.
Package CITATION file contains call(s) to old-style citEntry(). Please
use bibentry() instead.
Flavors: r-devel-linux-x86_64-debian-clang, r-devel-linux-x86_64-debian-gcc
Version: 0.6-4
Check: Rd files
Result: NOTE
checkRd: (-1) stabsel_parameters.Rd:42: Lost braces
42 | always use code{"none"}.}
| ^
checkRd: (-1) stabsel_stabsel.Rd:25: Lost braces
25 | always use code{"none"}.}
| ^
Flavors: r-devel-linux-x86_64-debian-clang, r-devel-linux-x86_64-debian-gcc, r-devel-linux-x86_64-fedora-clang, r-devel-linux-x86_64-fedora-gcc, r-devel-windows-x86_64, r-patched-linux-x86_64, r-release-linux-x86_64, r-release-macos-arm64, r-release-macos-x86_64, r-release-windows-x86_64, r-oldrel-macos-arm64, r-oldrel-macos-x86_64, r-oldrel-windows-x86_64
Version: 0.6-4
Check: examples
Result: NOTE
Examples with CPU (user + system) or elapsed time > 5s
user system elapsed
stabsel 3.402 9.510 9.241
fitfuns 2.824 2.491 5.132
Flavor: r-devel-linux-x86_64-debian-clang
Version: 0.6-4
Check: examples
Result: NA
user system elapsed
stabsel 2.262 12.179 10.359
fitfuns 1.973 3.135 4.619
OK
Flavor: r-devel-linux-x86_64-debian-gcc
Version: 0.6-4
Check: LazyData
Result: NOTE
'LazyData' is specified without a 'data' directory
Flavors: r-oldrel-macos-arm64, r-oldrel-macos-x86_64, r-oldrel-windows-x86_64
These binaries (installable software) and packages are in development.
They may not be fully stable and should be used with caution. We make no claims about them.