Last updated on 2025-05-01 12:49:42 CEST.
Flavor | Version | Tinstall | Tcheck | Ttotal | Status | Flags |
---|---|---|---|---|---|---|
r-devel-linux-x86_64-debian-clang | 0.2.2 | 4.09 | 43.51 | 47.60 | NOTE | |
r-devel-linux-x86_64-debian-gcc | 0.2.2 | 3.00 | 33.13 | 36.13 | OK | |
r-devel-linux-x86_64-fedora-clang | 0.2.2 | 78.14 | OK | |||
r-devel-linux-x86_64-fedora-gcc | 0.2.2 | 71.82 | OK | |||
r-devel-windows-x86_64 | 0.2.2 | 5.00 | 63.00 | 68.00 | OK | |
r-patched-linux-x86_64 | 0.2.2 | 4.12 | 42.19 | 46.31 | OK | |
r-release-linux-x86_64 | OK | |||||
r-release-macos-arm64 | 0.2.2 | 26.00 | OK | |||
r-release-macos-x86_64 | 0.2.2 | 45.00 | OK | |||
r-release-windows-x86_64 | 0.2.2 | 6.00 | 66.00 | 72.00 | OK | |
r-oldrel-macos-arm64 | 0.2.2 | 29.00 | OK | |||
r-oldrel-macos-x86_64 | 0.2.2 | 49.00 | OK | |||
r-oldrel-windows-x86_64 | 0.2.2 | 7.00 | 72.00 | 79.00 | OK |
Version: 0.2.2
Check: examples
Result: NOTE
Examples with CPU (user + system) or elapsed time > 5s
user system elapsed
reg_aucroc 5.337 0.112 7.74
Flavor: r-devel-linux-x86_64-debian-clang
Version: 0.2.2
Check: examples
Result: NA
user system elapsed
reg_aucroc 3.762 0.172 6.133
OK
Flavor: r-devel-linux-x86_64-debian-gcc
These binaries (installable software) and packages are in development.
They may not be fully stable and should be used with caution. We make no claims about them.