Last updated on 2025-05-01 15:49:46 CEST.
Flavor | Version | Tinstall | Tcheck | Ttotal | Status | Flags |
---|---|---|---|---|---|---|
r-devel-linux-x86_64-debian-clang | 1.1-2 | 3.35 | 29.37 | 32.72 | NOTE | |
r-devel-linux-x86_64-debian-gcc | 1.1-2 | 2.19 | 22.55 | 24.74 | NOTE | |
r-devel-linux-x86_64-fedora-clang | 1.1-2 | 54.60 | OK | |||
r-devel-linux-x86_64-fedora-gcc | 1.1-2 | 63.28 | OK | |||
r-devel-windows-x86_64 | 1.1-2 | 4.00 | 53.00 | 57.00 | OK | |
r-patched-linux-x86_64 | 1.1-2 | 3.20 | 28.20 | 31.40 | OK | |
r-release-linux-x86_64 | OK | |||||
r-release-macos-arm64 | 1.1-2 | 33.00 | OK | |||
r-release-macos-x86_64 | 1.1-2 | 43.00 | OK | |||
r-release-windows-x86_64 | 1.1-2 | 3.00 | 58.00 | 61.00 | OK | |
r-oldrel-macos-arm64 | 1.1-2 | 23.00 | OK | |||
r-oldrel-macos-x86_64 | 1.1-2 | 35.00 | OK | |||
r-oldrel-windows-x86_64 | 1.1-2 | 4.00 | 53.00 | 57.00 | OK |
Version: 1.1-2
Check: CRAN incoming feasibility
Result: NOTE
Maintainer: ‘David Nutter <david.nutter@bioss.ac.uk>’
No Authors@R field in DESCRIPTION.
Please add one, modifying
Authors@R: c(person(given = "Helen",
family = "Kettle",
role = "aut"),
person(given = "David",
family = "Nutter",
role = "cre",
email = "david.nutter@bioss.ac.uk"))
as necessary.
Flavors: r-devel-linux-x86_64-debian-clang, r-devel-linux-x86_64-debian-gcc
These binaries (installable software) and packages are in development.
They may not be fully stable and should be used with caution. We make no claims about them.