Last updated on 2025-11-11 15:50:49 CET.
| Flavor | Version | Tinstall | Tcheck | Ttotal | Status | Flags |
|---|---|---|---|---|---|---|
| r-devel-linux-x86_64-debian-clang | 2.3.0 | 6.14 | 94.74 | 100.88 | NOTE | |
| r-devel-linux-x86_64-debian-gcc | 2.3.0 | 4.89 | 61.87 | 66.76 | NOTE | |
| r-devel-linux-x86_64-fedora-clang | 2.3.0 | 12.00 | 138.59 | 150.59 | OK | |
| r-devel-linux-x86_64-fedora-gcc | 2.3.0 | 13.00 | 130.92 | 143.92 | OK | |
| r-devel-windows-x86_64 | 2.3.0 | 7.00 | 107.00 | 114.00 | OK | |
| r-patched-linux-x86_64 | 2.3.0 | 7.83 | 88.01 | 95.84 | OK | |
| r-release-linux-x86_64 | 2.3.0 | 6.23 | 86.58 | 92.81 | OK | |
| r-release-macos-arm64 | 2.3.0 | 3.00 | 36.00 | 39.00 | OK | |
| r-release-macos-x86_64 | 2.3.0 | 5.00 | 74.00 | 79.00 | OK | |
| r-release-windows-x86_64 | 2.3.0 | 8.00 | 107.00 | 115.00 | OK | |
| r-oldrel-macos-arm64 | 2.3.0 | 2.00 | 34.00 | 36.00 | OK | |
| r-oldrel-macos-x86_64 | 2.3.0 | 4.00 | 57.00 | 61.00 | OK | |
| r-oldrel-windows-x86_64 | 2.3.0 | 9.00 | 134.00 | 143.00 | OK |
Version: 2.3.0
Check: CRAN incoming feasibility
Result: NOTE
Maintainer: ‘Gherardo Varando <gherardo.varando@gmail.com>’
The Description field contains
Smith J. Q. (2018) <arXiv:1705.09457>. Thwaites P. A., Smith, J. Q.
(2017) <arXiv:1510.00186>. Barclay L. M., Hutton J. L. and Smith J. Q.
Please refer to arXiv e-prints via their arXiv DOI <doi:10.48550/arXiv.YYMM.NNNNN>.
Flavors: r-devel-linux-x86_64-debian-clang, r-devel-linux-x86_64-debian-gcc
These binaries (installable software) and packages are in development.
They may not be fully stable and should be used with caution. We make no claims about them.