Last updated on 2025-05-21 21:49:32 CEST.
Flavor | Version | Tinstall | Tcheck | Ttotal | Status | Flags |
---|---|---|---|---|---|---|
r-devel-linux-x86_64-debian-clang | 1.2.2 | 63.41 | 39.73 | 103.14 | OK | |
r-devel-linux-x86_64-debian-gcc | 1.2.2 | 50.06 | 34.54 | 84.60 | OK | |
r-devel-linux-x86_64-fedora-clang | 1.2.2 | 161.14 | OK | |||
r-devel-linux-x86_64-fedora-gcc | 1.2.2 | 209.99 | OK | |||
r-devel-windows-x86_64 | 1.2.2 | 66.00 | 90.00 | 156.00 | OK | |
r-patched-linux-x86_64 | 1.2.2 | 64.69 | 43.66 | 108.35 | OK | |
r-release-linux-x86_64 | 1.2.2 | 67.88 | 43.56 | 111.44 | OK | |
r-release-macos-arm64 | 1.2.2 | 61.00 | OK | |||
r-release-macos-x86_64 | 1.2.2 | 105.00 | OK | |||
r-release-windows-x86_64 | 1.2.2 | 66.00 | 96.00 | 162.00 | OK | |
r-oldrel-macos-arm64 | 1.2.2 | 52.00 | NOTE | |||
r-oldrel-macos-x86_64 | 1.2.2 | 133.00 | NOTE | |||
r-oldrel-windows-x86_64 | 1.2.2 | 75.00 | 99.00 | 174.00 | OK |
Version: 1.2.2
Check: installed package size
Result: NOTE
installed size is 35.7Mb
sub-directories of 1Mb or more:
libs 35.1Mb
Flavors: r-oldrel-macos-arm64, r-oldrel-macos-x86_64
These binaries (installable software) and packages are in development.
They may not be fully stable and should be used with caution. We make no claims about them.