Last updated on 2025-05-01 12:49:42 CEST.
Flavor | Version | Tinstall | Tcheck | Ttotal | Status | Flags |
---|---|---|---|---|---|---|
r-devel-linux-x86_64-debian-clang | 0.3.1 | 8.06 | 64.61 | 72.67 | NOTE | |
r-devel-linux-x86_64-debian-gcc | 0.3.1 | 5.31 | 47.89 | 53.20 | NOTE | |
r-devel-linux-x86_64-fedora-clang | 0.3.1 | 118.51 | NOTE | |||
r-devel-linux-x86_64-fedora-gcc | 0.3.1 | 116.72 | NOTE | |||
r-devel-windows-x86_64 | 0.3.1 | 9.00 | 77.00 | 86.00 | NOTE | |
r-patched-linux-x86_64 | 0.3.1 | 8.30 | 60.16 | 68.46 | NOTE | |
r-release-linux-x86_64 | NOTE | |||||
r-release-macos-arm64 | 0.3.1 | 34.00 | NOTE | |||
r-release-macos-x86_64 | 0.3.1 | 62.00 | NOTE | |||
r-release-windows-x86_64 | 0.3.1 | 9.00 | 82.00 | 91.00 | NOTE | |
r-oldrel-macos-arm64 | 0.3.1 | 34.00 | OK | |||
r-oldrel-macos-x86_64 | 0.3.1 | 51.00 | OK | |||
r-oldrel-windows-x86_64 | 0.3.1 | 11.00 | 90.00 | 101.00 | OK |
Version: 0.3.1
Check: DESCRIPTION meta-information
Result: NOTE
Missing dependency on R >= 4.1.0 because package code uses the pipe
|> or function shorthand \(...) syntax added in R 4.1.0.
File(s) using such syntax:
‘stamp.direction.r’
Flavors: r-devel-linux-x86_64-debian-clang, r-devel-linux-x86_64-debian-gcc, r-devel-linux-x86_64-fedora-clang, r-devel-linux-x86_64-fedora-gcc, r-devel-windows-x86_64, r-patched-linux-x86_64, r-release-linux-x86_64, r-release-macos-arm64, r-release-macos-x86_64, r-release-windows-x86_64
These binaries (installable software) and packages are in development.
They may not be fully stable and should be used with caution. We make no claims about them.