Last updated on 2025-05-01 12:49:42 CEST.
Flavor | Version | Tinstall | Tcheck | Ttotal | Status | Flags |
---|---|---|---|---|---|---|
r-devel-linux-x86_64-debian-clang | 0.2.2 | 8.62 | 91.89 | 100.51 | NOTE | |
r-devel-linux-x86_64-debian-gcc | 0.2.2 | 7.09 | 68.14 | 75.23 | NOTE | |
r-devel-linux-x86_64-fedora-clang | 0.2.2 | 162.86 | NOTE | |||
r-devel-linux-x86_64-fedora-gcc | 0.2.2 | 164.61 | NOTE | |||
r-devel-windows-x86_64 | 0.2.2 | 11.00 | 101.00 | 112.00 | NOTE | |
r-patched-linux-x86_64 | 0.2.2 | 10.12 | 85.72 | 95.84 | NOTE | |
r-release-linux-x86_64 | NOTE | |||||
r-release-macos-arm64 | 0.2.2 | 65.00 | NOTE | |||
r-release-macos-x86_64 | 0.2.2 | 116.00 | NOTE | |||
r-release-windows-x86_64 | 0.2.2 | 10.00 | 102.00 | 112.00 | NOTE | |
r-oldrel-macos-arm64 | 0.2.2 | 52.00 | NOTE | |||
r-oldrel-macos-x86_64 | 0.2.2 | 89.00 | NOTE | |||
r-oldrel-windows-x86_64 | 0.2.2 | 13.00 | 127.00 | 140.00 | NOTE |
Version: 0.2.2
Check: CRAN incoming feasibility
Result: NOTE
Maintainer: ‘Christopher D. Eager <eager.stats@gmail.com>’
Package CITATION file contains call(s) to old-style citEntry(). Please
use bibentry() instead.
Flavors: r-devel-linux-x86_64-debian-clang, r-devel-linux-x86_64-debian-gcc
Version: 0.2.2
Check: Rd files
Result: NOTE
checkRd: (-1) standardize.Rd:94: Lost braces; missing escapes or markup?
94 | take on values {-0.5, 0, 0.5} rather than {-1, 0, 1}, the standard deviation
| ^
checkRd: (-1) standardize.Rd:94: Lost braces; missing escapes or markup?
94 | take on values {-0.5, 0, 0.5} rather than {-1, 0, 1}, the standard deviation
| ^
Flavors: r-devel-linux-x86_64-debian-clang, r-devel-linux-x86_64-debian-gcc, r-devel-linux-x86_64-fedora-clang, r-devel-linux-x86_64-fedora-gcc, r-devel-windows-x86_64, r-patched-linux-x86_64, r-release-linux-x86_64, r-release-macos-arm64, r-release-macos-x86_64, r-release-windows-x86_64, r-oldrel-macos-arm64, r-oldrel-macos-x86_64, r-oldrel-windows-x86_64
These binaries (installable software) and packages are in development.
They may not be fully stable and should be used with caution. We make no claims about them.