Last updated on 2025-02-19 17:51:05 CET.
Flavor | Version | Tinstall | Tcheck | Ttotal | Status | Flags |
---|---|---|---|---|---|---|
r-devel-linux-x86_64-debian-clang | 3.2.2 | 7.79 | 128.40 | 136.19 | NOTE | |
r-devel-linux-x86_64-debian-gcc | 3.2.2 | 4.41 | 108.91 | 113.32 | NOTE | |
r-devel-linux-x86_64-fedora-clang | 3.2.2 | 234.69 | NOTE | |||
r-devel-linux-x86_64-fedora-gcc | 3.2.2 | 224.97 | NOTE | |||
r-devel-macos-arm64 | 3.2.2 | 160.00 | NOTE | |||
r-devel-macos-x86_64 | 3.2.2 | 310.00 | NOTE | |||
r-devel-windows-x86_64 | 3.2.2 | 8.00 | 164.00 | 172.00 | NOTE | |
r-patched-linux-x86_64 | 3.2.2 | 7.81 | 127.16 | 134.97 | NOTE | |
r-release-linux-x86_64 | 3.2.2 | 7.12 | 125.98 | 133.10 | NOTE | |
r-release-macos-arm64 | 3.2.2 | 150.00 | NOTE | |||
r-release-macos-x86_64 | 3.2.2 | 223.00 | NOTE | |||
r-release-windows-x86_64 | 3.2.2 | 8.00 | 152.00 | 160.00 | NOTE | |
r-oldrel-macos-arm64 | 3.2.2 | 76.00 | OK | |||
r-oldrel-macos-x86_64 | 3.2.2 | 372.00 | OK | |||
r-oldrel-windows-x86_64 | 3.2.2 | 11.00 | 187.00 | 198.00 | OK |
Version: 3.2.2
Check: Rd files
Result: NOTE
checkRd: (-1) get_fields.Rd:27: Lost braces
27 | codes, the function will return a warning by default, suggesting setting \code{convert_field_names} to code{TRUE}.
| ^
checkRd: (-1) identify_form_fields.Rd:34: Lost braces
34 | codes, the function will return a warning by default, suggesting setting \code{convert_field_names} to code{TRUE}.
| ^
Flavors: r-devel-linux-x86_64-debian-clang, r-devel-linux-x86_64-debian-gcc, r-devel-linux-x86_64-fedora-clang, r-devel-linux-x86_64-fedora-gcc, r-devel-macos-arm64, r-devel-macos-x86_64, r-devel-windows-x86_64, r-patched-linux-x86_64, r-release-linux-x86_64, r-release-macos-arm64, r-release-macos-x86_64, r-release-windows-x86_64
These binaries (installable software) and packages are in development.
They may not be fully stable and should be used with caution. We make no claims about them.