Last updated on 2025-02-02 16:49:22 CET.
Flavor | Version | Tinstall | Tcheck | Ttotal | Status | Flags |
---|---|---|---|---|---|---|
r-devel-linux-x86_64-debian-clang | 1.3 | 36.63 | 51.90 | 88.53 | OK | |
r-devel-linux-x86_64-debian-gcc | 1.3 | 25.21 | 38.79 | 64.00 | OK | |
r-devel-linux-x86_64-fedora-clang | 1.3 | 157.06 | NOTE | |||
r-devel-linux-x86_64-fedora-gcc | 1.3 | 161.69 | NOTE | |||
r-devel-windows-x86_64 | 1.3 | 40.00 | 87.00 | 127.00 | OK | |
r-patched-linux-x86_64 | 1.3 | 37.44 | 49.94 | 87.38 | OK | |
r-release-linux-x86_64 | 1.3 | 39.05 | 50.09 | 89.14 | OK | |
r-release-macos-arm64 | 1.3 | 45.00 | OK | |||
r-release-macos-x86_64 | 1.3 | 56.00 | OK | |||
r-release-windows-x86_64 | 1.3 | 39.00 | 85.00 | 124.00 | OK | |
r-oldrel-macos-arm64 | 1.3 | 50.00 | OK | |||
r-oldrel-macos-x86_64 | 1.3 | 81.00 | OK | |||
r-oldrel-windows-x86_64 | 1.3 | 46.00 | 104.00 | 150.00 | OK |
Version: 1.3
Check: compiled code
Result: NOTE
File ‘starma/libs/starma.so’:
Found no calls to: ‘R_registerRoutines’, ‘R_useDynamicSymbols’
It is good practice to register native routines and to disable symbol
search.
See ‘Writing portable packages’ in the ‘Writing R Extensions’ manual.
Flavors: r-devel-linux-x86_64-fedora-clang, r-devel-linux-x86_64-fedora-gcc
These binaries (installable software) and packages are in development.
They may not be fully stable and should be used with caution. We make no claims about them.