Last updated on 2025-07-02 03:50:53 CEST.
Flavor | Version | Tinstall | Tcheck | Ttotal | Status | Flags |
---|---|---|---|---|---|---|
r-devel-linux-x86_64-debian-clang | 0.6-8 | 17.59 | 316.88 | 334.47 | NOTE | |
r-devel-linux-x86_64-debian-gcc | 0.6-8 | 11.10 | 225.38 | 236.48 | NOTE | |
r-devel-linux-x86_64-fedora-clang | 0.6-8 | 574.39 | NOTE | |||
r-devel-linux-x86_64-fedora-gcc | 0.6-8 | 505.79 | NOTE | |||
r-devel-windows-x86_64 | 0.6-8 | 19.00 | 311.00 | 330.00 | NOTE | |
r-patched-linux-x86_64 | NOTE | |||||
r-release-linux-x86_64 | 0.6-8 | 15.68 | 302.56 | 318.24 | NOTE | |
r-release-macos-arm64 | 0.6-8 | 186.00 | NOTE | |||
r-release-macos-x86_64 | 0.6-8 | 343.00 | NOTE | |||
r-release-windows-x86_64 | 0.6-8 | 20.00 | 309.00 | 329.00 | NOTE | |
r-oldrel-macos-arm64 | 0.6-8 | 162.00 | NOTE | |||
r-oldrel-macos-x86_64 | 0.6-8 | 321.00 | NOTE | |||
r-oldrel-windows-x86_64 | 0.6-8 | 24.00 | 402.00 | 426.00 | NOTE |
Version: 0.6-8
Check: DESCRIPTION meta-information
Result: NOTE
Missing dependency on R >= 4.2.0 because package code uses the pipe
placeholder syntax added in R 4.2.0.
File(s) using such syntax:
‘prcomp.Rd’
Flavors: r-devel-linux-x86_64-debian-clang, r-devel-linux-x86_64-debian-gcc, r-devel-linux-x86_64-fedora-clang, r-devel-linux-x86_64-fedora-gcc, r-devel-windows-x86_64, r-patched-linux-x86_64, r-release-linux-x86_64, r-release-macos-arm64, r-release-macos-x86_64, r-release-windows-x86_64
Version: 0.6-8
Check: package dependencies
Result: NOTE
Package suggested but not available for checking: ‘starsdata’
Flavors: r-oldrel-macos-arm64, r-oldrel-macos-x86_64, r-oldrel-windows-x86_64
Version: 0.6-8
Check: installed package size
Result: NOTE
installed size is 6.9Mb
sub-directories of 1Mb or more:
doc 2.9Mb
nc 1.7Mb
Flavors: r-oldrel-macos-arm64, r-oldrel-macos-x86_64, r-oldrel-windows-x86_64
These binaries (installable software) and packages are in development.
They may not be fully stable and should be used with caution. We make no claims about them.