CRAN Package Check Results for Package starsTileServer

Last updated on 2025-10-23 11:50:29 CEST.

Flavor Version Tinstall Tcheck Ttotal Status Flags
r-devel-linux-x86_64-debian-clang 0.1.1 6.93 71.98 78.91 NOTE
r-devel-linux-x86_64-debian-gcc 0.1.1 4.85 54.46 59.31 OK
r-devel-linux-x86_64-fedora-clang 0.1.1 54.00 67.56 121.56 OK
r-devel-linux-x86_64-fedora-gcc 0.1.1 16.00 117.01 133.01 OK
r-devel-windows-x86_64 0.1.1 9.00 82.00 91.00 OK
r-patched-linux-x86_64 0.1.1 5.19 67.84 73.03 OK
r-release-linux-x86_64 0.1.1 6.28 67.94 74.22 OK
r-release-macos-arm64 0.1.1 3.00 44.00 47.00 OK
r-release-macos-x86_64 0.1.1 6.00 76.00 82.00 OK
r-release-windows-x86_64 0.1.1 9.00 84.00 93.00 OK
r-oldrel-macos-arm64 0.1.1 3.00 40.00 43.00 OK
r-oldrel-macos-x86_64 0.1.1 5.00 61.00 66.00 OK
r-oldrel-windows-x86_64 0.1.1 12.00 100.00 112.00 OK

Check Details

Version: 0.1.1
Check: HTML version of manual
Result: NOTE Found the following HTML validation problems: starsTileServer.html:166:1 (starsTileServer.Rd:112): Warning: <h5> anchor "Usage" already defined starsTileServer.html:172:1 (starsTileServer.Rd:116): Warning: <h5> anchor "Arguments" already defined starsTileServer.html:201:1 (starsTileServer.Rd:135): Warning: <h5> anchor "Usage" already defined starsTileServer.html:217:1 (starsTileServer.Rd:145): Warning: <h5> anchor "Usage" already defined starsTileServer.html:233:1 (starsTileServer.Rd:155): Warning: <h5> anchor "Usage" already defined starsTileServer.html:249:1 (starsTileServer.Rd:165): Warning: <h5> anchor "Usage" already defined starsTileServer.html:255:1 (starsTileServer.Rd:169): Warning: <h5> anchor "Arguments" already defined starsTileServer.html:278:1 (starsTileServer.Rd:182): Warning: <h5> anchor "Usage" already defined starsTileServer.html:294:1 (starsTileServer.Rd:192): Warning: <h5> anchor "Usage" already defined starsTileServer.html:300:1 (starsTileServer.Rd:196): Warning: <h5> anchor "Arguments" already defined Flavor: r-devel-linux-x86_64-debian-clang

These binaries (installable software) and packages are in development.
They may not be fully stable and should be used with caution. We make no claims about them.