Last updated on 2024-07-27 15:50:35 CEST.
Flavor | Version | Tinstall | Tcheck | Ttotal | Status | Flags |
---|---|---|---|---|---|---|
r-devel-linux-x86_64-debian-clang | 0.1.15 | 4.40 | 59.48 | 63.88 | NOTE | |
r-devel-linux-x86_64-debian-gcc | 0.1.15 | NOTE | ||||
r-devel-linux-x86_64-fedora-clang | 0.1.15 | 85.53 | NOTE | |||
r-devel-linux-x86_64-fedora-gcc | 0.1.15 | 88.88 | NOTE | |||
r-devel-windows-x86_64 | 0.1.15 | 6.00 | 68.00 | 74.00 | NOTE | |
r-patched-linux-x86_64 | 0.1.15 | NOTE | ||||
r-release-linux-x86_64 | 0.1.15 | 4.98 | 57.12 | 62.10 | NOTE | |
r-release-macos-arm64 | 0.1.15 | 37.00 | OK | |||
r-release-macos-x86_64 | 0.1.15 | 54.00 | OK | |||
r-release-windows-x86_64 | 0.1.15 | 6.00 | 69.00 | 75.00 | NOTE | |
r-oldrel-macos-arm64 | 0.1.15 | 40.00 | OK | |||
r-oldrel-macos-x86_64 | 0.1.15 | 77.00 | OK | |||
r-oldrel-windows-x86_64 | 0.1.15 | 9.00 | 79.00 | 88.00 | OK |
Version: 0.1.15
Check: HTML version of manual
Result: NOTE
Found the following HTML validation problems:
create_symlink.html:55:1 (create_symlink.Rd:17): Warning: trimming empty <dt>
Flavors: r-devel-linux-x86_64-debian-clang, r-devel-linux-x86_64-debian-gcc, r-devel-linux-x86_64-fedora-clang, r-devel-linux-x86_64-fedora-gcc, r-devel-windows-x86_64, r-patched-linux-x86_64, r-release-linux-x86_64, r-release-windows-x86_64
These binaries (installable software) and packages are in development.
They may not be fully stable and should be used with caution. We make no claims about them.