CRAN Package Check Results for Package starvars

Last updated on 2025-07-26 01:51:06 CEST.

Flavor Version Tinstall Tcheck Ttotal Status Flags
r-devel-linux-x86_64-debian-clang 1.1.10 13.61 99.22 112.83 NOTE
r-devel-linux-x86_64-debian-gcc 1.1.10 9.77 71.53 81.30 NOTE
r-devel-linux-x86_64-fedora-clang 1.1.10 169.29 NOTE
r-devel-linux-x86_64-fedora-gcc 1.1.10 160.63 NOTE
r-devel-windows-x86_64 1.1.10 16.00 106.00 122.00 NOTE
r-patched-linux-x86_64 1.1.10 12.93 95.64 108.57 NOTE
r-release-linux-x86_64 1.1.10 13.15 93.97 107.12 NOTE
r-release-macos-arm64 1.1.10 45.00 NOTE
r-release-macos-x86_64 1.1.10 89.00 NOTE
r-release-windows-x86_64 1.1.10 16.00 102.00 118.00 NOTE
r-oldrel-macos-arm64 1.1.10 43.00 NOTE
r-oldrel-macos-x86_64 1.1.10 63.00 NOTE
r-oldrel-windows-x86_64 1.1.10 20.00 135.00 155.00 NOTE

Check Details

Version: 1.1.10
Check: Rd files
Result: NOTE checkRd: (-1) multiCUMSUM.Rd:33: Escaped LaTeX specials: \& Flavors: r-devel-linux-x86_64-debian-clang, r-devel-linux-x86_64-debian-gcc, r-devel-linux-x86_64-fedora-clang, r-devel-linux-x86_64-fedora-gcc, r-devel-windows-x86_64, r-patched-linux-x86_64, r-release-linux-x86_64, r-release-macos-arm64, r-release-macos-x86_64, r-release-windows-x86_64, r-oldrel-macos-arm64, r-oldrel-macos-x86_64, r-oldrel-windows-x86_64

These binaries (installable software) and packages are in development.
They may not be fully stable and should be used with caution. We make no claims about them.