Last updated on 2025-05-24 21:50:58 CEST.
Flavor | Version | Tinstall | Tcheck | Ttotal | Status | Flags |
---|---|---|---|---|---|---|
r-devel-linux-x86_64-debian-clang | 1.1.10 | 12.68 | 100.17 | 112.85 | NOTE | |
r-devel-linux-x86_64-debian-gcc | 1.1.10 | 9.10 | 71.63 | 80.73 | NOTE | |
r-devel-linux-x86_64-fedora-clang | 1.1.10 | 178.00 | NOTE | |||
r-devel-linux-x86_64-fedora-gcc | 1.1.10 | 169.12 | NOTE | |||
r-devel-windows-x86_64 | 1.1.10 | 15.00 | 105.00 | 120.00 | NOTE | |
r-patched-linux-x86_64 | 1.1.10 | 14.65 | 94.88 | 109.53 | NOTE | |
r-release-linux-x86_64 | 1.1.10 | 12.09 | 94.88 | 106.97 | NOTE | |
r-release-macos-arm64 | 1.1.10 | 45.00 | NOTE | |||
r-release-macos-x86_64 | 1.1.10 | 89.00 | NOTE | |||
r-release-windows-x86_64 | 1.1.10 | 18.00 | 107.00 | 125.00 | NOTE | |
r-oldrel-macos-arm64 | 1.1.10 | 43.00 | NOTE | |||
r-oldrel-macos-x86_64 | 1.1.10 | 63.00 | NOTE | |||
r-oldrel-windows-x86_64 | 1.1.10 | 20.00 | 131.00 | 151.00 | NOTE |
Version: 1.1.10
Check: Rd files
Result: NOTE
checkRd: (-1) multiCUMSUM.Rd:33: Escaped LaTeX specials: \&
Flavors: r-devel-linux-x86_64-debian-clang, r-devel-linux-x86_64-debian-gcc, r-devel-linux-x86_64-fedora-clang, r-devel-linux-x86_64-fedora-gcc, r-devel-windows-x86_64, r-patched-linux-x86_64, r-release-linux-x86_64, r-release-macos-arm64, r-release-macos-x86_64, r-release-windows-x86_64, r-oldrel-macos-arm64, r-oldrel-macos-x86_64, r-oldrel-windows-x86_64
These binaries (installable software) and packages are in development.
They may not be fully stable and should be used with caution. We make no claims about them.