Last updated on 2025-02-16 08:51:02 CET.
Flavor | Version | Tinstall | Tcheck | Ttotal | Status | Flags |
---|---|---|---|---|---|---|
r-devel-linux-x86_64-debian-clang | 1.2.1 | 16.61 | 233.34 | 249.95 | NOTE | |
r-devel-linux-x86_64-debian-gcc | 1.2.1 | 12.82 | 164.73 | 177.55 | NOTE | |
r-devel-linux-x86_64-fedora-clang | 1.2.1 | 407.28 | NOTE | |||
r-devel-linux-x86_64-fedora-gcc | 1.2.1 | 403.26 | NOTE | |||
r-devel-macos-arm64 | 1.2.1 | 97.00 | OK | |||
r-devel-macos-x86_64 | 1.2.1 | 167.00 | OK | |||
r-devel-windows-x86_64 | 1.2.1 | 18.00 | 187.00 | 205.00 | NOTE | |
r-patched-linux-x86_64 | 1.2.1 | 23.99 | 217.98 | 241.97 | OK | |
r-release-linux-x86_64 | 1.2.1 | 14.01 | 217.39 | 231.40 | OK | |
r-release-macos-arm64 | 1.2.1 | 86.00 | OK | |||
r-release-macos-x86_64 | 1.2.1 | 126.00 | OK | |||
r-release-windows-x86_64 | 1.2.1 | 20.00 | 183.00 | 203.00 | OK | |
r-oldrel-macos-arm64 | 1.2.1 | 92.00 | OK | |||
r-oldrel-macos-x86_64 | 1.2.1 | 122.00 | OK | |||
r-oldrel-windows-x86_64 | 1.2.1 | 24.00 | 216.00 | 240.00 | OK |
Version: 1.2.1
Check: Rd cross-references
Result: NOTE
Found the following Rd file(s) with Rd \link{} targets missing package
anchors:
Heat.Rd: pheatmap
ImpPlot.Rd: randomForest, gbm
cv_glmnet_plot.Rd: glmnet
esSim.Rd: lmFit
Please provide package anchors for all Rd \link{} targets not in the
package itself and the base packages.
Flavors: r-devel-linux-x86_64-debian-clang, r-devel-linux-x86_64-debian-gcc, r-devel-windows-x86_64
Version: 1.2.1
Check: dependencies in R code
Result: NOTE
Namespaces in Imports field not imported from:
‘gbm’ ‘ggfortify’ ‘tibble’ ‘tidyverse’
All declared Imports should be used.
Flavors: r-devel-linux-x86_64-fedora-clang, r-devel-linux-x86_64-fedora-gcc
These binaries (installable software) and packages are in development.
They may not be fully stable and should be used with caution. We make no claims about them.