CRAN Package Check Results for Package statar

Last updated on 2025-05-01 08:52:47 CEST.

Flavor Version Tinstall Tcheck Ttotal Status Flags
r-devel-linux-x86_64-debian-clang 0.7.6 6.21 66.69 72.90 NOTE
r-devel-linux-x86_64-debian-gcc 0.7.6 4.30 47.22 51.52 NOTE
r-devel-linux-x86_64-fedora-clang 0.7.6 108.00 OK
r-devel-linux-x86_64-fedora-gcc 0.7.6 113.04 OK
r-devel-windows-x86_64 0.7.6 8.00 85.00 93.00 NOTE
r-patched-linux-x86_64 0.7.6 6.37 60.34 66.71 NOTE
r-release-linux-x86_64 NOTE
r-release-macos-arm64 0.7.6 62.00 OK
r-release-macos-x86_64 0.7.6 71.00 OK
r-release-windows-x86_64 0.7.6 9.00 89.00 98.00 NOTE
r-oldrel-macos-arm64 0.7.6 40.00 OK
r-oldrel-macos-x86_64 0.7.6 64.00 OK
r-oldrel-windows-x86_64 0.7.6 9.00 98.00 107.00 OK

Check Details

Version: 0.7.6
Check: Rd cross-references
Result: NOTE Found the following Rd file(s) with Rd \link{} targets missing package anchors: elapsed.Rd: week, month, year Please provide package anchors for all Rd \link{} targets not in the package itself and the base packages. Flavors: r-devel-linux-x86_64-debian-clang, r-devel-linux-x86_64-debian-gcc, r-devel-windows-x86_64, r-patched-linux-x86_64, r-release-linux-x86_64, r-release-windows-x86_64

These binaries (installable software) and packages are in development.
They may not be fully stable and should be used with caution. We make no claims about them.