Last updated on 2025-10-23 11:50:29 CEST.
Flavor | Version | Tinstall | Tcheck | Ttotal | Status | Flags |
---|---|---|---|---|---|---|
r-devel-linux-x86_64-debian-clang | 0.3.3 | 4.43 | 57.28 | 61.71 | NOTE | |
r-devel-linux-x86_64-debian-gcc | 0.3.3 | 2.77 | 42.56 | 45.33 | OK | |
r-devel-linux-x86_64-fedora-clang | 0.3.3 | 11.00 | 81.92 | 92.92 | OK | |
r-devel-linux-x86_64-fedora-gcc | 0.3.3 | 103.93 | OK | |||
r-devel-windows-x86_64 | 0.3.3 | 6.00 | 75.00 | 81.00 | OK | |
r-patched-linux-x86_64 | 0.3.3 | 4.14 | 53.74 | 57.88 | OK | |
r-release-linux-x86_64 | 0.3.3 | 3.66 | 52.98 | 56.64 | OK | |
r-release-macos-arm64 | 0.3.3 | 2.00 | 33.00 | 35.00 | OK | |
r-release-macos-x86_64 | 0.3.3 | 3.00 | 60.00 | 63.00 | OK | |
r-release-windows-x86_64 | 0.3.3 | 7.00 | 75.00 | 82.00 | OK | |
r-oldrel-macos-arm64 | 0.3.3 | 2.00 | 40.00 | 42.00 | OK | |
r-oldrel-macos-x86_64 | 0.3.3 | 3.00 | 82.00 | 85.00 | OK | |
r-oldrel-windows-x86_64 | 0.3.3 | 9.00 | 93.00 | 102.00 | OK |
Version: 0.3.3
Check: HTML version of manual
Result: NOTE
Found the following HTML validation problems:
dot-warner.html:50:1 (dot-warner.Rd:12): Warning: missing </ul> before </div>
index_date.html:50:1 (index_date.Rd:12): Warning: missing </ul> before </div>
state_panel_date.html:63:1 (state_panel_date.Rd:18): Warning: missing </ul> before </div>
Flavor: r-devel-linux-x86_64-debian-clang
These binaries (installable software) and packages are in development.
They may not be fully stable and should be used with caution. We make no claims about them.