CRAN Package Check Results for Package statespacer

Last updated on 2025-05-21 21:49:32 CEST.

Flavor Version Tinstall Tcheck Ttotal Status Flags
r-devel-linux-x86_64-debian-clang 0.5.0 91.75 102.31 194.06 NOTE
r-devel-linux-x86_64-debian-gcc 0.5.0 53.97 81.27 135.24 NOTE
r-devel-linux-x86_64-fedora-clang 0.5.0 319.93 OK
r-devel-linux-x86_64-fedora-gcc 0.5.0 341.57 OK
r-devel-windows-x86_64 0.5.0 90.00 155.00 245.00 OK
r-patched-linux-x86_64 0.5.0 75.69 117.87 193.56 OK
r-release-linux-x86_64 0.5.0 79.92 117.28 197.20 OK
r-release-macos-arm64 0.5.0 108.00 OK
r-release-macos-x86_64 0.5.0 208.00 OK
r-release-windows-x86_64 0.5.0 89.00 155.00 244.00 OK
r-oldrel-macos-arm64 0.5.0 97.00 NOTE
r-oldrel-macos-x86_64 0.5.0 125.00 NOTE
r-oldrel-windows-x86_64 0.5.0 106.00 190.00 296.00 OK

Check Details

Version: 0.5.0
Check: CRAN incoming feasibility
Result: NOTE Maintainer: ‘Dylan Beijers <dylanbeijers@gmail.com>’ Package CITATION file contains call(s) to old-style citEntry(). Please use bibentry() instead. Flavors: r-devel-linux-x86_64-debian-clang, r-devel-linux-x86_64-debian-gcc

Version: 0.5.0
Check: installed package size
Result: NOTE installed size is 6.8Mb sub-directories of 1Mb or more: libs 6.0Mb Flavors: r-oldrel-macos-arm64, r-oldrel-macos-x86_64

These binaries (installable software) and packages are in development.
They may not be fully stable and should be used with caution. We make no claims about them.