Last updated on 2025-02-16 08:51:02 CET.
Flavor | Version | Tinstall | Tcheck | Ttotal | Status | Flags |
---|---|---|---|---|---|---|
r-devel-linux-x86_64-debian-clang | 0.5.0 | 88.54 | 103.75 | 192.29 | OK | |
r-devel-linux-x86_64-debian-gcc | 0.5.0 | 56.86 | 81.97 | 138.83 | OK | |
r-devel-linux-x86_64-fedora-clang | 0.5.0 | 327.35 | OK | |||
r-devel-linux-x86_64-fedora-gcc | 0.5.0 | 371.67 | OK | |||
r-devel-macos-arm64 | 0.5.0 | 98.00 | OK | |||
r-devel-macos-x86_64 | 0.5.0 | 205.00 | OK | |||
r-devel-windows-x86_64 | 0.5.0 | 79.00 | 160.00 | 239.00 | OK | |
r-patched-linux-x86_64 | 0.5.0 | 77.09 | 119.25 | 196.34 | OK | |
r-release-linux-x86_64 | 0.5.0 | 81.32 | 118.63 | 199.95 | OK | |
r-release-macos-arm64 | 0.5.0 | 97.00 | NOTE | |||
r-release-macos-x86_64 | 0.5.0 | 125.00 | NOTE | |||
r-release-windows-x86_64 | 0.5.0 | 81.00 | 156.00 | 237.00 | OK | |
r-oldrel-macos-arm64 | 0.5.0 | 111.00 | NOTE | |||
r-oldrel-macos-x86_64 | 0.5.0 | 181.00 | NOTE | |||
r-oldrel-windows-x86_64 | 0.5.0 | 103.00 | 180.00 | 283.00 | OK |
Version: 0.5.0
Check: installed package size
Result: NOTE
installed size is 6.8Mb
sub-directories of 1Mb or more:
libs 6.0Mb
Flavors: r-release-macos-arm64, r-release-macos-x86_64, r-oldrel-macos-arm64, r-oldrel-macos-x86_64
These binaries (installable software) and packages are in development.
They may not be fully stable and should be used with caution. We make no claims about them.