Last updated on 2025-11-12 18:50:48 CET.
| Flavor | Version | Tinstall | Tcheck | Ttotal | Status | Flags |
|---|---|---|---|---|---|---|
| r-devel-linux-x86_64-debian-clang | 1.0.9.1 | 14.59 | 434.64 | 449.23 | OK | |
| r-devel-linux-x86_64-debian-gcc | 1.0.9.1 | 8.26 | 302.73 | 310.99 | OK | |
| r-devel-linux-x86_64-fedora-clang | 1.0.9.1 | 36.00 | 668.27 | 704.27 | OK | |
| r-devel-linux-x86_64-fedora-gcc | 1.0.9.1 | 31.00 | 673.33 | 704.33 | OK | |
| r-devel-windows-x86_64 | 1.0.9.1 | 22.00 | 396.00 | 418.00 | OK | |
| r-patched-linux-x86_64 | 1.0.9.1 | 14.99 | 446.12 | 461.11 | OK | |
| r-release-linux-x86_64 | 1.0.9.1 | 13.22 | 444.13 | 457.35 | OK | |
| r-release-macos-arm64 | 1.0.9.1 | 6.00 | 183.00 | 189.00 | OK | |
| r-release-macos-x86_64 | 1.0.9.1 | 12.00 | 377.00 | 389.00 | OK | |
| r-release-windows-x86_64 | 1.0.9.1 | 18.00 | 407.00 | 425.00 | OK | |
| r-oldrel-macos-arm64 | 1.0.9.1 | 7.00 | 185.00 | 192.00 | NOTE | |
| r-oldrel-macos-x86_64 | 1.0.9.1 | 13.00 | 345.00 | 358.00 | NOTE | |
| r-oldrel-windows-x86_64 | 1.0.9.1 | 21.00 | 554.00 | 575.00 | NOTE |
Version: 1.0.9.1
Check: package dependencies
Result: NOTE
Package suggested but not available for checking: ‘asreml’
Flavors: r-oldrel-macos-arm64, r-oldrel-macos-x86_64, r-oldrel-windows-x86_64
Version: 1.0.9.1
Check: installed package size
Result: NOTE
installed size is 5.0Mb
sub-directories of 1Mb or more:
data 3.5Mb
Flavors: r-oldrel-macos-arm64, r-oldrel-macos-x86_64
These binaries (installable software) and packages are in development.
They may not be fully stable and should be used with caution. We make no claims about them.