Last updated on 2025-05-01 08:52:47 CEST.
Flavor | Version | Tinstall | Tcheck | Ttotal | Status | Flags |
---|---|---|---|---|---|---|
r-devel-linux-x86_64-debian-clang | 1.0.2 | 62.53 | 195.75 | 258.28 | NOTE | |
r-devel-linux-x86_64-debian-gcc | 1.0.2 | 45.23 | 142.51 | 187.74 | NOTE | |
r-devel-linux-x86_64-fedora-clang | 1.0.2 | 421.56 | OK | |||
r-devel-linux-x86_64-fedora-gcc | 1.0.2 | 448.63 | OK | |||
r-devel-windows-x86_64 | 1.0.2 | 74.00 | 238.00 | 312.00 | NOTE | |
r-patched-linux-x86_64 | 1.0.2 | 64.62 | 194.81 | 259.43 | NOTE | |
r-release-linux-x86_64 | NOTE | |||||
r-release-macos-arm64 | 1.0.2 | 166.00 | OK | |||
r-release-macos-x86_64 | 1.0.2 | 280.00 | OK | |||
r-release-windows-x86_64 | 1.0.2 | 77.00 | 283.00 | 360.00 | NOTE | |
r-oldrel-macos-arm64 | 1.0.2 | 166.00 | NOTE | |||
r-oldrel-macos-x86_64 | 1.0.2 | 207.00 | NOTE | |||
r-oldrel-windows-x86_64 | 1.0.2 | 82.00 | 292.00 | 374.00 | OK |
Version: 1.0.2
Check: Rd cross-references
Result: NOTE
Found the following Rd file(s) with Rd \link{} targets missing package
anchors:
runMultiTraitGwas.Rd: GWAS
Please provide package anchors for all Rd \link{} targets not in the
package itself and the base packages.
Flavors: r-devel-linux-x86_64-debian-clang, r-devel-linux-x86_64-debian-gcc, r-devel-windows-x86_64, r-patched-linux-x86_64, r-release-linux-x86_64, r-release-windows-x86_64
Version: 1.0.2
Check: installed package size
Result: NOTE
installed size is 7.4Mb
sub-directories of 1Mb or more:
libs 6.4Mb
Flavors: r-oldrel-macos-arm64, r-oldrel-macos-x86_64
These binaries (installable software) and packages are in development.
They may not be fully stable and should be used with caution. We make no claims about them.