CRAN Package Check Results for Package statgenQTLxT

Last updated on 2025-02-16 08:51:02 CET.

Flavor Version Tinstall Tcheck Ttotal Status Flags
r-devel-linux-x86_64-debian-clang 1.0.2 57.33 192.05 249.38 NOTE
r-devel-linux-x86_64-debian-gcc 1.0.2 46.98 140.80 187.78 NOTE
r-devel-linux-x86_64-fedora-clang 1.0.2 425.83 OK
r-devel-linux-x86_64-fedora-gcc 1.0.2 461.73 OK
r-devel-macos-arm64 1.0.2 179.00 OK
r-devel-macos-x86_64 1.0.2 280.00 OK
r-devel-windows-x86_64 1.0.2 66.00 240.00 306.00 NOTE
r-patched-linux-x86_64 1.0.2 67.90 191.44 259.34 OK
r-release-linux-x86_64 1.0.2 63.88 192.86 256.74 OK
r-release-macos-arm64 1.0.2 166.00 NOTE
r-release-macos-x86_64 1.0.2 207.00 NOTE
r-release-windows-x86_64 1.0.2 68.00 234.00 302.00 OK
r-oldrel-macos-arm64 1.0.2 164.00 NOTE
r-oldrel-macos-x86_64 1.0.2 248.00 NOTE
r-oldrel-windows-x86_64 1.0.2 82.00 277.00 359.00 OK

Check Details

Version: 1.0.2
Check: Rd cross-references
Result: NOTE Found the following Rd file(s) with Rd \link{} targets missing package anchors: runMultiTraitGwas.Rd: GWAS Please provide package anchors for all Rd \link{} targets not in the package itself and the base packages. Flavors: r-devel-linux-x86_64-debian-clang, r-devel-linux-x86_64-debian-gcc, r-devel-windows-x86_64

Version: 1.0.2
Check: installed package size
Result: NOTE installed size is 7.4Mb sub-directories of 1Mb or more: libs 6.4Mb Flavors: r-release-macos-arm64, r-release-macos-x86_64, r-oldrel-macos-arm64, r-oldrel-macos-x86_64

These binaries (installable software) and packages are in development.
They may not be fully stable and should be used with caution. We make no claims about them.