CRAN Package Check Results for Package statgenSTA

Last updated on 2025-05-08 04:52:20 CEST.

Flavor Version Tinstall Tcheck Ttotal Status Flags
r-devel-linux-x86_64-debian-clang 1.0.14 11.14 202.69 213.83 OK
r-devel-linux-x86_64-debian-gcc 1.0.14 7.43 139.86 147.29 OK
r-devel-linux-x86_64-fedora-clang 1.0.14 376.85 NOTE
r-devel-linux-x86_64-fedora-gcc 1.0.14 361.89 NOTE
r-devel-windows-x86_64 1.0.14 13.00 195.00 208.00 OK
r-patched-linux-x86_64 1.0.14 11.45 194.20 205.65 OK
r-release-linux-x86_64 1.0.14 9.75 196.39 206.14 OK
r-release-macos-arm64 1.0.14 97.00 OK
r-release-macos-x86_64 1.0.14 192.00 OK
r-release-windows-x86_64 1.0.14 13.00 194.00 207.00 OK
r-oldrel-macos-arm64 1.0.14 96.00 NOTE
r-oldrel-macos-x86_64 1.0.14 182.00 NOTE
r-oldrel-windows-x86_64 1.0.14 17.00 263.00 280.00 NOTE

Check Details

Version: 1.0.14
Check: dependencies in R code
Result: NOTE Namespace in Imports field not imported from: ‘mapproj’ All declared Imports should be used. Flavors: r-devel-linux-x86_64-fedora-clang, r-devel-linux-x86_64-fedora-gcc

Version: 1.0.14
Check: package dependencies
Result: NOTE Package suggested but not available for checking: ‘asreml’ Flavors: r-oldrel-macos-arm64, r-oldrel-macos-x86_64, r-oldrel-windows-x86_64

These binaries (installable software) and packages are in development.
They may not be fully stable and should be used with caution. We make no claims about them.