CRAN Package Check Results for Package stationaRy

Last updated on 2025-05-21 23:48:57 CEST.

Flavor Version Tinstall Tcheck Ttotal Status Flags
r-devel-linux-x86_64-debian-clang 0.5.1 3.09 62.77 65.86 OK
r-devel-linux-x86_64-debian-gcc 0.5.1 2.24 47.35 49.59 OK
r-devel-linux-x86_64-fedora-clang 0.5.1 96.88 OK
r-devel-linux-x86_64-fedora-gcc 0.5.1 96.54 OK
r-devel-windows-x86_64 0.5.1 5.00 92.00 97.00 OK
r-patched-linux-x86_64 0.5.1 3.33 58.10 61.43 OK
r-release-linux-x86_64 0.5.1 3.59 58.68 62.27 OK
r-release-macos-arm64 0.5.1 36.00 OK
r-release-macos-x86_64 0.5.1 56.00 OK
r-release-windows-x86_64 0.5.1 5.00 77.00 82.00 OK
r-oldrel-macos-arm64 0.5.1 37.00 NOTE
r-oldrel-macos-x86_64 0.5.1 55.00 NOTE
r-oldrel-windows-x86_64 0.5.1 6.00 95.00 101.00 NOTE

Check Details

Version: 0.5.1
Check: LazyData
Result: NOTE 'LazyData' is specified without a 'data' directory Flavors: r-oldrel-macos-arm64, r-oldrel-macos-x86_64, r-oldrel-windows-x86_64

These binaries (installable software) and packages are in development.
They may not be fully stable and should be used with caution. We make no claims about them.