CRAN Package Check Results for Package statmod

Last updated on 2025-10-09 17:50:53 CEST.

Flavor Version Tinstall Tcheck Ttotal Status Flags
r-devel-linux-x86_64-debian-clang 1.5.0 6.58 40.02 46.60 NOTE
r-devel-linux-x86_64-debian-gcc 1.5.0 4.03 28.77 32.80 NOTE
r-devel-linux-x86_64-fedora-clang 1.5.1 68.55 OK
r-devel-linux-x86_64-fedora-gcc 1.5.0 65.32 OK
r-devel-windows-x86_64 1.5.0 10.00 69.00 79.00 OK
r-patched-linux-x86_64 1.5.0 6.46 37.09 43.55 OK
r-release-linux-x86_64 1.5.0 5.43 36.93 42.36 OK
r-release-macos-arm64 1.5.1 61.00 OK
r-release-macos-x86_64 1.5.1 76.00 OK
r-release-windows-x86_64 1.5.0 12.00 68.00 80.00 OK
r-oldrel-macos-arm64 1.5.1 60.00 OK
r-oldrel-macos-x86_64 1.5.1 81.00 OK
r-oldrel-windows-x86_64 1.5.0 10.00 77.00 87.00 OK

Check Details

Version: 1.5.0
Check: CRAN incoming feasibility
Result: NOTE Maintainer: ‘Gordon Smyth <smyth@wehi.edu.au>’ No Authors@R field in DESCRIPTION. Please add one, modifying Authors@R: c(person(given = "Gordon", family = "Smyth", role = c("cre", "aut"), email = "smyth@wehi.edu.au"), person(given = "Lizhong", family = "Chen", role = "aut"), person(given = "Yifang", family = "Hu", role = "ctb"), person(given = "Peter", family = "Dunn", role = "ctb"), person(given = "Belinda", family = "Phipson", role = "ctb"), person(given = "Yunshun", family = "Chen", role = "ctb")) as necessary. Package CITATION file contains call(s) to old-style citEntry(). Please use bibentry() instead. Flavors: r-devel-linux-x86_64-debian-clang, r-devel-linux-x86_64-debian-gcc

These binaries (installable software) and packages are in development.
They may not be fully stable and should be used with caution. We make no claims about them.