Last updated on 2025-10-23 17:51:04 CEST.
Flavor | Version | Tinstall | Tcheck | Ttotal | Status | Flags |
---|---|---|---|---|---|---|
r-devel-linux-x86_64-debian-clang | 2019.6 | 10.72 | 487.92 | 498.64 | NOTE | |
r-devel-linux-x86_64-debian-gcc | 2019.6 | 8.83 | 299.53 | 308.36 | NOTE | |
r-devel-linux-x86_64-fedora-clang | 2019.6 | 26.00 | 826.50 | 852.50 | OK | |
r-devel-linux-x86_64-fedora-gcc | 2019.6 | 22.00 | 818.28 | 840.28 | OK | |
r-devel-windows-x86_64 | 2019.6 | 140.00 | 508.00 | 648.00 | OK | |
r-patched-linux-x86_64 | 2019.6 | 10.76 | 446.12 | 456.88 | OK | |
r-release-linux-x86_64 | 2019.6 | 11.66 | 446.97 | 458.63 | OK | |
r-release-macos-arm64 | 2019.6 | 13.00 | 69.00 | 82.00 | NOTE | |
r-release-macos-x86_64 | 2019.6 | 40.00 | 149.00 | 189.00 | NOTE | |
r-release-windows-x86_64 | 2019.6 | 140.00 | 544.00 | 684.00 | OK | |
r-oldrel-macos-arm64 | 2019.6 | 13.00 | 72.00 | 85.00 | NOTE | |
r-oldrel-macos-x86_64 | 2019.6 | 43.00 | 134.00 | 177.00 | NOTE | |
r-oldrel-windows-x86_64 | 2019.6 | 91.00 | 306.00 | 397.00 | NOTE |
Version: 2019.6
Check: CRAN incoming feasibility
Result: NOTE
Maintainer: ‘Martina Morris <morrism@uw.edu>’
Package CITATION file contains call(s) to old-style personList() or
as.personList(). Please use c() on person objects instead.
Flavors: r-devel-linux-x86_64-debian-clang, r-devel-linux-x86_64-debian-gcc
Version: 2019.6
Check: whether startup messages can be suppressed
Result: NOTE
unable to reach CRAN
It looks like this package (or a package it requires) has a startup
message which cannot be suppressed: see ?packageStartupMessage.
Flavors: r-release-macos-arm64, r-release-macos-x86_64, r-oldrel-macos-arm64, r-oldrel-macos-x86_64, r-oldrel-windows-x86_64
Version: 2019.6
Check: package dependencies
Result: NOTE
Package suggested but not available for checking: ‘networksis’
Flavors: r-oldrel-macos-arm64, r-oldrel-macos-x86_64, r-oldrel-windows-x86_64
These binaries (installable software) and packages are in development.
They may not be fully stable and should be used with caution. We make no claims about them.