Last updated on 2025-02-16 08:51:02 CET.
Flavor | Version | Tinstall | Tcheck | Ttotal | Status | Flags |
---|---|---|---|---|---|---|
r-devel-linux-x86_64-debian-clang | 0.7.4 | 3.89 | 66.50 | 70.39 | NOTE | |
r-devel-linux-x86_64-debian-gcc | 0.7.4 | 3.41 | 48.59 | 52.00 | NOTE | |
r-devel-linux-x86_64-fedora-clang | 0.7.4 | 112.52 | NOTE | |||
r-devel-linux-x86_64-fedora-gcc | 0.7.4 | 124.15 | NOTE | |||
r-devel-macos-arm64 | 0.7.4 | 66.00 | OK | |||
r-devel-macos-x86_64 | 0.7.4 | 107.00 | NOTE | |||
r-devel-windows-x86_64 | 0.7.4 | 7.00 | 90.00 | 97.00 | NOTE | |
r-patched-linux-x86_64 | 0.7.4 | 4.63 | 62.92 | 67.55 | OK | |
r-release-linux-x86_64 | 0.7.4 | 3.58 | 62.91 | 66.49 | OK | |
r-release-macos-arm64 | 0.7.4 | 59.00 | OK | |||
r-release-macos-x86_64 | 0.7.4 | 104.00 | OK | |||
r-release-windows-x86_64 | 0.7.4 | 6.00 | 94.00 | 100.00 | OK | |
r-oldrel-macos-arm64 | 0.7.4 | 72.00 | OK | |||
r-oldrel-macos-x86_64 | 0.7.4 | 94.00 | OK | |||
r-oldrel-windows-x86_64 | 0.7.4 | 8.00 | 100.00 | 108.00 | OK |
Version: 0.7.4
Check: DESCRIPTION meta-information
Result: NOTE
Missing dependency on R >= 4.1.0 because package code uses the pipe
|> or function shorthand \(...) syntax added in R 4.1.0.
File(s) using such syntax:
‘tables.R’
Flavors: r-devel-linux-x86_64-debian-clang, r-devel-linux-x86_64-debian-gcc, r-devel-linux-x86_64-fedora-clang, r-devel-linux-x86_64-fedora-gcc, r-devel-macos-x86_64, r-devel-windows-x86_64
These binaries (installable software) and packages are in development.
They may not be fully stable and should be used with caution. We make no claims about them.