Last updated on 2025-05-01 14:49:24 CEST.
Flavor | Version | Tinstall | Tcheck | Ttotal | Status | Flags |
---|---|---|---|---|---|---|
r-devel-linux-x86_64-debian-clang | 1.7.0 | 17.00 | 154.37 | 171.37 | NOTE | |
r-devel-linux-x86_64-debian-gcc | 1.7.0 | 9.85 | 97.96 | 107.81 | OK | |
r-devel-linux-x86_64-fedora-clang | 1.7.0 | 299.64 | OK | |||
r-devel-linux-x86_64-fedora-gcc | 1.7.0 | 264.53 | OK | |||
r-devel-windows-x86_64 | 1.7.0 | 19.00 | 194.00 | 213.00 | OK | |
r-patched-linux-x86_64 | 1.7.0 | 21.04 | 140.87 | 161.91 | OK | |
r-release-linux-x86_64 | OK | |||||
r-release-macos-arm64 | 1.7.0 | 66.00 | OK | |||
r-release-macos-x86_64 | 1.7.0 | 132.00 | OK | |||
r-release-windows-x86_64 | 1.7.0 | 21.00 | 206.00 | 227.00 | OK | |
r-oldrel-macos-arm64 | 1.7.0 | 59.00 | OK | |||
r-oldrel-macos-x86_64 | 1.7.0 | 157.00 | OK | |||
r-oldrel-windows-x86_64 | 1.7.0 | 23.00 | 236.00 | 259.00 | OK |
Version: 1.7.0
Check: examples
Result: NOTE
Examples with CPU (user + system) or elapsed time > 5s
user system elapsed
test.skew 6.037 0.059 8.306
test.kurtosis 5.970 0.122 6.799
sim.ci.stdmean.ps 4.667 0.000 5.502
Flavor: r-devel-linux-x86_64-debian-clang
These binaries (installable software) and packages are in development.
They may not be fully stable and should be used with caution. We make no claims about them.