Last updated on 2025-02-16 08:51:02 CET.
Flavor | Version | Tinstall | Tcheck | Ttotal | Status | Flags |
---|---|---|---|---|---|---|
r-devel-linux-x86_64-debian-clang | 0.1.0 | 2.32 | 26.83 | 29.15 | NOTE | |
r-devel-linux-x86_64-debian-gcc | 0.1.0 | 1.85 | 22.54 | 24.39 | NOTE | |
r-devel-linux-x86_64-fedora-clang | 0.1.0 | 48.57 | NOTE | |||
r-devel-linux-x86_64-fedora-gcc | 0.1.0 | 45.42 | NOTE | |||
r-devel-macos-arm64 | 0.1.0 | 21.00 | NOTE | |||
r-devel-macos-x86_64 | 0.1.0 | 41.00 | NOTE | |||
r-devel-windows-x86_64 | 0.1.0 | 4.00 | 54.00 | 58.00 | NOTE | |
r-patched-linux-x86_64 | 0.1.0 | 2.64 | 25.62 | 28.26 | NOTE | |
r-release-linux-x86_64 | 0.1.0 | 2.64 | 25.55 | 28.19 | NOTE | |
r-release-macos-arm64 | 0.1.0 | 20.00 | NOTE | |||
r-release-macos-x86_64 | 0.1.0 | 26.00 | NOTE | |||
r-release-windows-x86_64 | 0.1.0 | 5.00 | 55.00 | 60.00 | NOTE | |
r-oldrel-macos-arm64 | 0.1.0 | 20.00 | OK | |||
r-oldrel-macos-x86_64 | 0.1.0 | 26.00 | OK | |||
r-oldrel-windows-x86_64 | 0.1.0 | 5.00 | 81.00 | 86.00 | OK |
Version: 0.1.0
Check: Rd files
Result: NOTE
checkRd: (-1) sample2indp.pow.Rd:48: Lost braces
48 | Pooled standard deviation= \code{sp} = sqrt{((n1 - 1) sigma1^2 +(n2 - 1) sigma2^2) / (n1 + n2 - 2)}
| ^
Flavors: r-devel-linux-x86_64-debian-clang, r-devel-linux-x86_64-debian-gcc, r-devel-linux-x86_64-fedora-clang, r-devel-linux-x86_64-fedora-gcc, r-devel-macos-arm64, r-devel-macos-x86_64, r-devel-windows-x86_64, r-patched-linux-x86_64, r-release-linux-x86_64, r-release-macos-arm64, r-release-macos-x86_64, r-release-windows-x86_64
These binaries (installable software) and packages are in development.
They may not be fully stable and should be used with caution. We make no claims about them.