CRAN Package Check Results for Package statsExpressions

Last updated on 2025-05-01 12:49:42 CEST.

Flavor Version Tinstall Tcheck Ttotal Status Flags
r-devel-linux-x86_64-debian-clang 1.6.2 7.16 355.09 362.25 NOTE
r-devel-linux-x86_64-debian-gcc 1.6.2 4.33 247.77 252.10 OK
r-devel-linux-x86_64-fedora-clang 1.6.2 598.66 OK
r-devel-linux-x86_64-fedora-gcc 1.6.2 579.87 OK
r-devel-windows-x86_64 1.6.2 11.00 234.00 245.00 OK
r-patched-linux-x86_64 1.6.2 7.10 345.43 352.53 OK
r-release-linux-x86_64 OK
r-release-macos-arm64 1.6.2 161.00 OK
r-release-macos-x86_64 1.6.2 300.00 OK
r-release-windows-x86_64 1.6.2 12.00 235.00 247.00 OK
r-oldrel-macos-arm64 1.6.2 143.00 OK
r-oldrel-macos-x86_64 1.6.2 182.00 OK
r-oldrel-windows-x86_64 1.6.2 14.00 318.00 332.00 OK

Check Details

Version: 1.6.2
Check: examples
Result: NOTE Examples with CPU (user + system) or elapsed time > 5s user system elapsed two_sample_test 6.047 0.091 7.763 Flavor: r-devel-linux-x86_64-debian-clang

These binaries (installable software) and packages are in development.
They may not be fully stable and should be used with caution. We make no claims about them.