Last updated on 2024-07-27 15:50:35 CEST.
Flavor | Version | Tinstall | Tcheck | Ttotal | Status | Flags |
---|---|---|---|---|---|---|
r-devel-linux-x86_64-debian-clang | 1.5.5 | 7.62 | 454.61 | 462.23 | OK | |
r-devel-linux-x86_64-debian-gcc | 1.5.5 | OK | ||||
r-devel-linux-x86_64-fedora-clang | 1.5.5 | 409.77 | OK | |||
r-devel-linux-x86_64-fedora-gcc | 1.5.5 | 493.55 | OK | |||
r-devel-windows-x86_64 | 1.5.5 | 12.00 | 231.00 | 243.00 | OK | |
r-patched-linux-x86_64 | 1.5.5 | OK | ||||
r-release-linux-x86_64 | 1.5.5 | 6.69 | 442.30 | 448.99 | OK | |
r-release-macos-arm64 | 1.5.5 | 135.00 | OK | |||
r-release-macos-x86_64 | 1.5.5 | 264.00 | OK | |||
r-release-windows-x86_64 | 1.5.5 | 11.00 | 231.00 | 242.00 | OK | |
r-oldrel-macos-arm64 | 1.5.5 | 10.00 | ERROR | |||
r-oldrel-macos-x86_64 | 1.5.5 | 11.00 | ERROR | |||
r-oldrel-windows-x86_64 | 1.5.5 | 14.00 | 288.00 | 302.00 | OK |
Version: 1.5.5
Check: package dependencies
Result: ERROR
Packages required and available but unsuitable versions:
'correlation', 'datawizard', 'effectsize'
See section ‘The DESCRIPTION file’ in the ‘Writing R Extensions’
manual.
Flavors: r-oldrel-macos-arm64, r-oldrel-macos-x86_64
These binaries (installable software) and packages are in development.
They may not be fully stable and should be used with caution. We make no claims about them.