Last updated on 2025-11-13 17:50:50 CET.
| Flavor | Version | Tinstall | Tcheck | Ttotal | Status | Flags |
|---|---|---|---|---|---|---|
| r-devel-linux-x86_64-debian-clang | 0.3.1 | 66.59 | 96.06 | 162.65 | OK | |
| r-devel-linux-x86_64-debian-gcc | 0.3.1 | 42.09 | 70.13 | 112.22 | OK | |
| r-devel-linux-x86_64-fedora-clang | 0.3.1 | 133.00 | 142.03 | 275.03 | OK | |
| r-devel-linux-x86_64-fedora-gcc | 0.3.1 | 87.00 | 165.88 | 252.88 | OK | |
| r-devel-windows-x86_64 | 0.3.1 | 75.00 | 111.00 | 186.00 | OK | |
| r-patched-linux-x86_64 | 0.3.1 | 61.83 | 89.92 | 151.75 | OK | |
| r-release-linux-x86_64 | 0.3.1 | 62.98 | 90.17 | 153.15 | OK | |
| r-release-macos-arm64 | 0.3.1 | 21.00 | 44.00 | 65.00 | OK | |
| r-release-macos-x86_64 | 0.3.1 | 28.00 | 74.00 | 102.00 | OK | |
| r-release-windows-x86_64 | 0.3.1 | 74.00 | 114.00 | 188.00 | OK | |
| r-oldrel-macos-arm64 | 0.3.1 | 22.00 | 36.00 | 58.00 | NOTE | |
| r-oldrel-macos-x86_64 | 0.3.1 | 23.00 | 59.00 | 82.00 | NOTE | |
| r-oldrel-windows-x86_64 | 0.3.1 | 84.00 | 144.00 | 228.00 | OK |
Version: 0.3.1
Check: installed package size
Result: NOTE
installed size is 6.9Mb
sub-directories of 1Mb or more:
data 2.3Mb
libs 4.3Mb
Flavors: r-oldrel-macos-arm64, r-oldrel-macos-x86_64
These binaries (installable software) and packages are in development.
They may not be fully stable and should be used with caution. We make no claims about them.