Last updated on 2025-02-16 08:51:02 CET.
Flavor | Version | Tinstall | Tcheck | Ttotal | Status | Flags |
---|---|---|---|---|---|---|
r-devel-linux-x86_64-debian-clang | 0.3.1 | 63.68 | 92.15 | 155.83 | OK | |
r-devel-linux-x86_64-debian-gcc | 0.3.1 | 44.11 | 67.54 | 111.65 | OK | |
r-devel-linux-x86_64-fedora-clang | 0.3.1 | 274.27 | OK | |||
r-devel-linux-x86_64-fedora-gcc | 0.3.1 | 270.30 | OK | |||
r-devel-macos-arm64 | 0.3.1 | 59.00 | OK | |||
r-devel-macos-x86_64 | 0.3.1 | 104.00 | OK | |||
r-devel-windows-x86_64 | 0.3.1 | 65.00 | 116.00 | 181.00 | OK | |
r-patched-linux-x86_64 | 0.3.1 | 61.07 | 86.01 | 147.08 | OK | |
r-release-linux-x86_64 | 0.3.1 | 62.23 | 86.39 | 148.62 | OK | |
r-release-macos-arm64 | 0.3.1 | 58.00 | NOTE | |||
r-release-macos-x86_64 | 0.3.1 | 82.00 | NOTE | |||
r-release-windows-x86_64 | 0.3.1 | 67.00 | 112.00 | 179.00 | OK | |
r-oldrel-macos-arm64 | 0.3.1 | 70.00 | NOTE | |||
r-oldrel-macos-x86_64 | 0.3.1 | 140.00 | NOTE | |||
r-oldrel-windows-x86_64 | 0.3.1 | 80.00 | 139.00 | 219.00 | OK |
Version: 0.3.1
Check: installed package size
Result: NOTE
installed size is 6.9Mb
sub-directories of 1Mb or more:
data 2.3Mb
libs 4.3Mb
Flavors: r-release-macos-arm64, r-release-macos-x86_64, r-oldrel-macos-arm64, r-oldrel-macos-x86_64
These binaries (installable software) and packages are in development.
They may not be fully stable and should be used with caution. We make no claims about them.