Last updated on 2025-02-16 08:51:02 CET.
Flavor | Version | Tinstall | Tcheck | Ttotal | Status | Flags |
---|---|---|---|---|---|---|
r-devel-linux-x86_64-debian-clang | 3.4.1 | 9.49 | 69.87 | 79.36 | NOTE | |
r-devel-linux-x86_64-debian-gcc | 3.4.1 | 5.88 | 49.52 | 55.40 | NOTE | |
r-devel-linux-x86_64-fedora-clang | 3.4.1 | 126.75 | NOTE | |||
r-devel-linux-x86_64-fedora-gcc | 3.4.1 | 115.67 | NOTE | |||
r-devel-macos-arm64 | 3.4.1 | 37.00 | NOTE | |||
r-devel-macos-x86_64 | 3.4.1 | 93.00 | NOTE | |||
r-devel-windows-x86_64 | 3.4.1 | 9.00 | 92.00 | 101.00 | NOTE | |
r-patched-linux-x86_64 | 3.4.1 | 9.54 | 62.88 | 72.42 | NOTE | |
r-release-linux-x86_64 | 3.4.1 | 9.22 | 63.47 | 72.69 | NOTE | |
r-release-macos-arm64 | 3.4.1 | 38.00 | NOTE | |||
r-release-macos-x86_64 | 3.4.1 | 53.00 | NOTE | |||
r-release-windows-x86_64 | 3.4.1 | 11.00 | 83.00 | 94.00 | NOTE | |
r-oldrel-macos-arm64 | 3.4.1 | 39.00 | NOTE | |||
r-oldrel-macos-x86_64 | 3.4.1 | 63.00 | NOTE | |||
r-oldrel-windows-x86_64 | 3.4.1 | 14.00 | 98.00 | 112.00 | NOTE |
Version: 3.4.1
Check: Rd files
Result: NOTE
checkRd: (-1) stdGlm.Rd:93: Escaped LaTeX specials: \&
Flavors: r-devel-linux-x86_64-debian-clang, r-devel-linux-x86_64-debian-gcc, r-devel-linux-x86_64-fedora-clang, r-devel-linux-x86_64-fedora-gcc, r-devel-macos-arm64, r-devel-macos-x86_64, r-devel-windows-x86_64, r-patched-linux-x86_64, r-release-linux-x86_64, r-release-macos-arm64, r-release-macos-x86_64, r-release-windows-x86_64, r-oldrel-macos-arm64, r-oldrel-macos-x86_64, r-oldrel-windows-x86_64
These binaries (installable software) and packages are in development.
They may not be fully stable and should be used with caution. We make no claims about them.