Last updated on 2025-05-01 15:49:46 CEST.
Flavor | Version | Tinstall | Tcheck | Ttotal | Status | Flags |
---|---|---|---|---|---|---|
r-devel-linux-x86_64-debian-clang | 3.4.1 | 8.02 | 70.26 | 78.28 | NOTE | |
r-devel-linux-x86_64-debian-gcc | 3.4.1 | 6.48 | 49.66 | 56.14 | NOTE | |
r-devel-linux-x86_64-fedora-clang | 3.4.1 | 124.63 | NOTE | |||
r-devel-linux-x86_64-fedora-gcc | 3.4.1 | 116.23 | NOTE | |||
r-devel-windows-x86_64 | 3.4.1 | 10.00 | 88.00 | 98.00 | NOTE | |
r-patched-linux-x86_64 | 3.4.1 | 8.73 | 64.51 | 73.24 | NOTE | |
r-release-linux-x86_64 | NOTE | |||||
r-release-macos-arm64 | 3.4.1 | 50.00 | NOTE | |||
r-release-macos-x86_64 | 3.4.1 | 87.00 | NOTE | |||
r-release-windows-x86_64 | 3.4.1 | 10.00 | 94.00 | 104.00 | NOTE | |
r-oldrel-macos-arm64 | 3.4.1 | 38.00 | NOTE | |||
r-oldrel-macos-x86_64 | 3.4.1 | 53.00 | NOTE | |||
r-oldrel-windows-x86_64 | 3.4.1 | 12.00 | 97.00 | 109.00 | NOTE |
Version: 3.4.1
Check: CRAN incoming feasibility
Result: NOTE
Maintainer: ‘Arvid Sjolander <arvid.sjolander@ki.se>’
No Authors@R field in DESCRIPTION.
Please add one, modifying
Authors@R: c(person(given = "Arvid",
family = "Sjolander",
role = c("aut", "cre"),
email = "arvid.sjolander@ki.se"),
person(given = "Elisabeth",
family = "Dahlqwist",
role = "aut"))
as necessary.
Flavors: r-devel-linux-x86_64-debian-clang, r-devel-linux-x86_64-debian-gcc
Version: 3.4.1
Check: Rd files
Result: NOTE
checkRd: (-1) stdGlm.Rd:93: Escaped LaTeX specials: \&
Flavors: r-devel-linux-x86_64-debian-clang, r-devel-linux-x86_64-debian-gcc, r-devel-linux-x86_64-fedora-clang, r-devel-linux-x86_64-fedora-gcc, r-devel-windows-x86_64, r-patched-linux-x86_64, r-release-linux-x86_64, r-release-macos-arm64, r-release-macos-x86_64, r-release-windows-x86_64, r-oldrel-macos-arm64, r-oldrel-macos-x86_64, r-oldrel-windows-x86_64
These binaries (installable software) and packages are in development.
They may not be fully stable and should be used with caution. We make no claims about them.