Last updated on 2025-02-16 08:51:02 CET.
Flavor | Version | Tinstall | Tcheck | Ttotal | Status | Flags |
---|---|---|---|---|---|---|
r-devel-linux-x86_64-debian-clang | 1.0.1 | 9.24 | 105.31 | 114.55 | NOTE | |
r-devel-linux-x86_64-debian-gcc | 1.0.1 | 7.45 | 83.98 | 91.43 | NOTE | |
r-devel-linux-x86_64-fedora-clang | 1.0.1 | 183.78 | NOTE | |||
r-devel-linux-x86_64-fedora-gcc | 1.0.1 | 190.33 | NOTE | |||
r-devel-macos-arm64 | 1.0.1 | 57.00 | OK | |||
r-devel-macos-x86_64 | 1.0.1 | 101.00 | NOTE | |||
r-devel-windows-x86_64 | 1.0.1 | 10.00 | 105.00 | 115.00 | NOTE | |
r-patched-linux-x86_64 | 1.0.1 | 9.79 | 99.56 | 109.35 | OK | |
r-release-linux-x86_64 | 1.0.1 | 9.30 | 100.82 | 110.12 | OK | |
r-release-macos-arm64 | 1.0.1 | 56.00 | OK | |||
r-release-macos-x86_64 | 1.0.1 | 138.00 | OK | |||
r-release-windows-x86_64 | 1.0.1 | 10.00 | 115.00 | 125.00 | OK | |
r-oldrel-macos-arm64 | 1.0.1 | 77.00 | OK | |||
r-oldrel-macos-x86_64 | 1.0.1 | 118.00 | OK | |||
r-oldrel-windows-x86_64 | 1.0.1 | 14.00 | 132.00 | 146.00 | OK |
Version: 1.0.1
Check: DESCRIPTION meta-information
Result: NOTE
Missing dependency on R >= 4.1.0 because package code uses the pipe
|> or function shorthand \(...) syntax added in R 4.1.0.
File(s) using such syntax:
‘coxph_methods.R’ ‘glm_methods.R’ ‘standardize_custom.R’ ‘utils.R’
Flavors: r-devel-linux-x86_64-debian-clang, r-devel-linux-x86_64-debian-gcc, r-devel-linux-x86_64-fedora-clang, r-devel-linux-x86_64-fedora-gcc, r-devel-macos-x86_64, r-devel-windows-x86_64
These binaries (installable software) and packages are in development.
They may not be fully stable and should be used with caution. We make no claims about them.