Last updated on 2024-07-27 15:50:35 CEST.
Flavor | Version | Tinstall | Tcheck | Ttotal | Status | Flags |
---|---|---|---|---|---|---|
r-devel-linux-x86_64-debian-clang | 1.0.1 | 202.02 | 179.74 | 381.76 | OK | |
r-devel-linux-x86_64-debian-gcc | 1.0.1 | OK | ||||
r-devel-linux-x86_64-fedora-clang | 1.0.1 | 419.63 | OK | |||
r-devel-linux-x86_64-fedora-gcc | 1.0.1 | 614.90 | OK | |||
r-devel-windows-x86_64 | 1.0.1 | 160.00 | 166.00 | 326.00 | NOTE | |
r-patched-linux-x86_64 | 1.0.1 | OK | ||||
r-release-linux-x86_64 | 1.0.1 | 202.54 | 177.49 | 380.03 | OK | |
r-release-macos-arm64 | 1.0.1 | 121.00 | NOTE | |||
r-release-macos-x86_64 | 1.0.1 | 219.00 | NOTE | |||
r-release-windows-x86_64 | 1.0.1 | 158.00 | 164.00 | 322.00 | NOTE | |
r-oldrel-macos-arm64 | 1.0.1 | 183.00 | NOTE | |||
r-oldrel-macos-x86_64 | 1.0.1 | 289.00 | NOTE | |||
r-oldrel-windows-x86_64 | 1.0.1 | 208.00 | 206.00 | 414.00 | NOTE |
Version: 1.0.1
Check: installed package size
Result: NOTE
installed size is 14.5Mb
sub-directories of 1Mb or more:
libs 13.4Mb
Flavors: r-devel-windows-x86_64, r-release-macos-arm64, r-release-macos-x86_64, r-release-windows-x86_64, r-oldrel-macos-arm64, r-oldrel-macos-x86_64, r-oldrel-windows-x86_64
These binaries (installable software) and packages are in development.
They may not be fully stable and should be used with caution. We make no claims about them.